{"id":6070,"date":"2025-09-14T23:20:32","date_gmt":"2025-09-14T21:20:32","guid":{"rendered":"https:\/\/modeco-sklep.pl\/?post_type=product&#038;p=6070"},"modified":"2026-05-28T23:27:19","modified_gmt":"2026-05-28T21:27:19","slug":"premium-suede-carrera-design-nero-nic-lazur-blue","status":"publish","type":"product","link":"https:\/\/modeco-sklep.pl\/it\/premium-suede-carrera-design-czarna-nic-lazur-blue\/","title":{"rendered":"CAMOSCIO PREMIUM DESIGN CARRERA NERO \/ FILO AZZURRO"},"content":{"rendered":"<h4><strong>PREMIUM SUEDE<\/strong><\/h4>\n<h4>Tessuto laminato destinato alla tappezzeria automobilistica<\/h4>\n<h4>Materiale da utilizzare per sedili auto, pannelli laterali delle portiere, pareti e soffitti per furgoni\/bus.<\/h4>\n<h4>\u2705 Materiale di alta qualit\u00e0 su schiuma speciale di 8 mm di spessore.<br \/>\n\u2705 Schiuma ad alta densit\u00e0 - resistente alla deformazione.<br \/>\n\u2705 Esclusivo materiale SUEDE<br \/>\nCapelli corti che cambiano direzione quando vengono tirati con le mani.<\/h4>\n<h4><strong>Dettagli del prodotto:<\/strong><\/h4>\n<ul>\n<li>\n<h4>1 pezzo = 1 metro lineare di tessuto (100 cm x 150 cm).<\/h4>\n<\/li>\n<li>\n<h4>Larghezza: 150 cm.<\/h4>\n<\/li>\n<li>\n<h4>In caso di acquisto di quantit\u00e0 maggiori, il materiale verr\u00e0 spedito in un unico pezzo.<\/h4>\n<\/li>\n<\/ul>\n<h4><\/h4>","protected":false},"excerpt":{"rendered":"<p>PREMIUM SUEDE Laminowana tkanina przeznaczona do tapicerki samochodowej Materia\u0142 do zastosowania na fotele samochodowe, boczki drzwiowe, \u015bciany i sufity do zabudowy van\u00f3w\/bus\u00f3w &#x2705; Wysokiej jako\u015bci materia\u0142 na specjalnej piance o grubo\u015bci 8 mm. &#x2705; Pianka o wysokiej g\u0119sto\u015bci \u2013 odporna na odkszta\u0142cenia. &#x2705; Ekskluzywny materia\u0142 typu SUEDE &#x2705; Kr\u00f3tki w\u0142osek, kt\u00f3ry zmienia kierunek po przeci\u0105gni\u0119ciu [&hellip;]<\/p>\n","protected":false},"featured_media":6071,"comment_status":"closed","ping_status":"closed","template":"","meta":{"_acf_changed":false},"product_brand":[17],"product_cat":[104,103],"product_tag":[],"class_list":["post-6070","product","type-product","status-publish","has-post-thumbnail","product_brand-modeco","product_cat-carrera-design","product_cat-supreme-suede-premium","first","instock","purchasable","product-type-simple"],"acf":[],"_links":{"self":[{"href":"https:\/\/modeco-sklep.pl\/it\/wp-json\/wp\/v2\/product\/6070","targetHints":{"allow":["GET"]}}],"collection":[{"href":"https:\/\/modeco-sklep.pl\/it\/wp-json\/wp\/v2\/product"}],"about":[{"href":"https:\/\/modeco-sklep.pl\/it\/wp-json\/wp\/v2\/types\/product"}],"replies":[{"embeddable":true,"href":"https:\/\/modeco-sklep.pl\/it\/wp-json\/wp\/v2\/comments?post=6070"}],"wp:featuredmedia":[{"embeddable":true,"href":"https:\/\/modeco-sklep.pl\/it\/wp-json\/wp\/v2\/media\/6071"}],"wp:attachment":[{"href":"https:\/\/modeco-sklep.pl\/it\/wp-json\/wp\/v2\/media?parent=6070"}],"wp:term":[{"taxonomy":"product_brand","embeddable":true,"href":"https:\/\/modeco-sklep.pl\/it\/wp-json\/wp\/v2\/product_brand?post=6070"},{"taxonomy":"product_cat","embeddable":true,"href":"https:\/\/modeco-sklep.pl\/it\/wp-json\/wp\/v2\/product_cat?post=6070"},{"taxonomy":"product_tag","embeddable":true,"href":"https:\/\/modeco-sklep.pl\/it\/wp-json\/wp\/v2\/product_tag?post=6070"}],"curies":[{"name":"wp","href":"https:\/\/api.w.org\/{rel}","templated":true}]}}

<h4><strong>PREMIUM SUEDE</strong></h4>
<h4>Tessuto laminato destinato alla tappezzeria automobilistica</h4>
<h4>Materiale da utilizzare per sedili auto, pannelli laterali delle portiere, pareti e soffitti per furgoni/bus.</h4>
<h4>✅ Materiale di alta qualità su schiuma speciale di 8 mm di spessore.<br />
✅ Schiuma ad alta densità - resistente alla deformazione.<br />
✅ Esclusivo materiale SUEDE<br />
Capelli corti che cambiano direzione quando vengono tirati con le mani.</h4>
<h4><strong>Dettagli del prodotto:</strong></h4>
<ul>
<li>
<h4>1 pezzo = 1 metro lineare di tessuto (100 cm x 150 cm).</h4>
</li>
<li>
<h4>Larghezza: 150 cm.</h4>
</li>
<li>
<h4>In caso di acquisto di quantità maggiori, il materiale verrà spedito in un unico pezzo.</h4>
</li>
</ul>
<h4></h4>

<p>PREMIUM SUEDE Laminowana tkanina przeznaczona do tapicerki samochodowej Materiał do zastosowania na fotele samochodowe, boczki drzwiowe, ściany i sufity do zabudowy vanów/busów &#x2705; Wysokiej jakości materiał na specjalnej piance o grubości 8 mm. &#x2705; Pianka o wysokiej gęstości – odporna na odkształcenia. &#x2705; Ekskluzywny materiał typu SUEDE &#x2705; Krótki włosek, który zmienia kierunek po przeciągnięciu [&hellip;]</p>
