{"id":1484,"date":"2025-06-12T18:08:43","date_gmt":"2025-06-12T18:08:43","guid":{"rendered":"https:\/\/modeco.mywebwork.net\/produkt\/premium-suede-lambo-design-czarna-nic-zolta\/"},"modified":"2025-06-30T19:50:49","modified_gmt":"2025-06-30T17:50:49","slug":"premium-suede-lambo-design-nero-niente-giallo","status":"publish","type":"product","link":"https:\/\/modeco-sklep.pl\/it\/premium-suede-lambo-design-czarna-nic-zolta\/","title":{"rendered":"PREMIUM SUEDE LAMBO DESIGN NERO \/ FILO GIALLO"},"content":{"rendered":"<h3><strong>PREMIUM SUEDE<\/strong><\/h3>\n<h3>Tessuto laminato destinato alla tappezzeria automobilistica<\/h3>\n<p>Materiale da utilizzare per sedili auto, pannelli laterali delle portiere, pareti e soffitti per furgoni\/bus.<\/p>\n<h3>\u2705 Materiale di alta qualit\u00e0 su una speciale schiuma dello spessore di 8 mm.<br \/>\n\u2705 Schiuma ad alta densit\u00e0 \u2013 resistente alle deformazioni.<br \/>\n\u2705 Esclusivo materiale tipo SUEDE<br \/>\n\u2705 Capelli corti che cambiano direzione quando li si spazzola con la mano<\/h3>\n<h3><strong>Dettagli del prodotto:<\/strong><\/h3>\n<ul>\n<li>\n<h3>1 pezzo = 1 metro lineare di tessuto (100 cm x 160 cm).<\/h3>\n<\/li>\n<li>\n<h3>Larghezza: 160 cm.<\/h3>\n<\/li>\n<li>\n<h3>In caso di acquisto di quantit\u00e0 maggiori, il materiale verr\u00e0 spedito in un unico pezzo.<\/h3>\n<\/li>\n<\/ul>\n<h3><\/h3>","protected":false},"excerpt":{"rendered":"<p>PREMIUM SUEDE Laminowana tkanina przeznaczona do tapicerki samochodowej Materia\u0142 do zastosowania na fotele samochodowe, boczki drzwiowe, \u015bciany i sufity do zabudowy van\u00f3w\/bus\u00f3w \u2705 Wysokiej jako\u015bci materia\u0142 na specjalnej piance o grubo\u015bci 8 mm. \u2705 Pianka o wysokiej g\u0119sto\u015bci \u2013 odporna na odkszta\u0142cenia. \u2705 Ekskluzywny materia\u0142 typu SUEDE \u2705 Kr\u00f3tki w\u0142osek, kt\u00f3ry zmienia kierunek po przeci\u0105gni\u0119ciu [&hellip;]<\/p>\n","protected":false},"featured_media":1089,"comment_status":"closed","ping_status":"closed","template":"","meta":{"_acf_changed":false},"product_brand":[17],"product_cat":[106,103],"product_tag":[],"class_list":["post-1484","product","type-product","status-publish","has-post-thumbnail","product_brand-modeco","product_cat-lambo-design","product_cat-supreme-suede-premium","first","instock","purchasable","product-type-simple"],"acf":[],"_links":{"self":[{"href":"https:\/\/modeco-sklep.pl\/it\/wp-json\/wp\/v2\/product\/1484","targetHints":{"allow":["GET"]}}],"collection":[{"href":"https:\/\/modeco-sklep.pl\/it\/wp-json\/wp\/v2\/product"}],"about":[{"href":"https:\/\/modeco-sklep.pl\/it\/wp-json\/wp\/v2\/types\/product"}],"replies":[{"embeddable":true,"href":"https:\/\/modeco-sklep.pl\/it\/wp-json\/wp\/v2\/comments?post=1484"}],"wp:featuredmedia":[{"embeddable":true,"href":"https:\/\/modeco-sklep.pl\/it\/wp-json\/wp\/v2\/media\/1089"}],"wp:attachment":[{"href":"https:\/\/modeco-sklep.pl\/it\/wp-json\/wp\/v2\/media?parent=1484"}],"wp:term":[{"taxonomy":"product_brand","embeddable":true,"href":"https:\/\/modeco-sklep.pl\/it\/wp-json\/wp\/v2\/product_brand?post=1484"},{"taxonomy":"product_cat","embeddable":true,"href":"https:\/\/modeco-sklep.pl\/it\/wp-json\/wp\/v2\/product_cat?post=1484"},{"taxonomy":"product_tag","embeddable":true,"href":"https:\/\/modeco-sklep.pl\/it\/wp-json\/wp\/v2\/product_tag?post=1484"}],"curies":[{"name":"wp","href":"https:\/\/api.w.org\/{rel}","templated":true}]}}

<h3><strong>PREMIUM SUEDE</strong></h3>
<h3>Tessuto laminato destinato alla tappezzeria automobilistica</h3>
<p>Materiale da utilizzare per sedili auto, pannelli laterali delle portiere, pareti e soffitti per furgoni/bus.</p>
<h3>✅ Materiale di alta qualità su una speciale schiuma dello spessore di 8 mm.<br />
✅ Schiuma ad alta densità – resistente alle deformazioni.<br />
✅ Esclusivo materiale tipo SUEDE<br />
✅ Capelli corti che cambiano direzione quando li si spazzola con la mano</h3>
<h3><strong>Dettagli del prodotto:</strong></h3>
<ul>
<li>
<h3>1 pezzo = 1 metro lineare di tessuto (100 cm x 160 cm).</h3>
</li>
<li>
<h3>Larghezza: 160 cm.</h3>
</li>
<li>
<h3>In caso di acquisto di quantità maggiori, il materiale verrà spedito in un unico pezzo.</h3>
</li>
</ul>
<h3></h3>

<p>PREMIUM SUEDE Laminowana tkanina przeznaczona do tapicerki samochodowej Materiał do zastosowania na fotele samochodowe, boczki drzwiowe, ściany i sufity do zabudowy vanów/busów ✅ Wysokiej jakości materiał na specjalnej piance o grubości 8 mm. ✅ Pianka o wysokiej gęstości – odporna na odkształcenia. ✅ Ekskluzywny materiał typu SUEDE ✅ Krótki włosek, który zmienia kierunek po przeciągnięciu [&hellip;]</p>
