{"id":1412,"date":"2025-06-12T18:08:15","date_gmt":"2025-06-12T18:08:15","guid":{"rendered":"https:\/\/modeco.mywebwork.net\/produkt\/podsufitka-k878-szary-z-wyrazna-struktura\/"},"modified":"2025-06-15T07:20:15","modified_gmt":"2025-06-15T07:20:15","slug":"pannello-del-soffitto-k878-grigio-con-struttura-evidente","status":"publish","type":"product","link":"https:\/\/modeco-sklep.pl\/it\/podsufitka-k878-szary-z-wyrazna-struktura\/","title":{"rendered":"HEADLINER K878 GRIGIO CON TEXTURE TRASPARENTE"},"content":{"rendered":"<h2><span style=\"font-size:11pt\"><span style=\"line-height:normal\"><span style=\"font-family:\"><b><span style=\"font-size:12.0pt\"><span new=\"New\" style=\"font-family:\"><span style=\"color:#444444\">TESSUTO PER AUTO PER IL RIVESTIMENTO DEL TETTO \u00a0<\/span><\/span><\/span><\/b><\/span><\/span><\/span><\/p>\n<p><span style=\"font-size:11pt\"><span style=\"line-height:normal\"><span style=\"font-family:\"><span style=\"font-size:12.0pt\"><span new=\"New\" style=\"font-family:\"><span style=\"color:#444444\">I nostri tessuti per headliner provengono dalle pi\u00f9 grandi fabbriche europee che producono tessuti per le aziende automobilistiche.<\/p>\n<p>Colore: Grigio<\/p>\n<p>Il materiale \u00e8 disponibile anche nella versione senza spugna, da utilizzare su montanti e schermi parasole. <a href=\"http:\/\/modeco-sklep.pl\/it\/headliner-slim-b05-grigio-bmw-e36-e38-e39-p-5076-html\/\">QUI<\/a><\/span><\/span><\/span><\/span><\/span><\/span><\/p>\n<p><span style=\"font-size:11pt\"><span style=\"line-height:normal\"><span style=\"font-family:\"><span style=\"font-size:12.0pt\"><span new=\"New\" style=\"font-family:\"><span style=\"color:#444444\">I materiali sono di ottima qualit\u00e0 (OEM - prima scelta)<\/span><\/span><\/span><\/span><\/span><\/span><br \/><span style=\"font-size:11pt\"><span style=\"line-height:normal\"><span style=\"font-family:\"><span style=\"font-size:12.0pt\"><span new=\"New\" style=\"font-family:\"><span style=\"color:#444444\">I materiali sono laminati su una speciale spugna dello spessore di circa 3-4 mm.<\/span><\/span><\/span><\/span><\/span><\/span><br \/><span style=\"font-size:11pt\"><span style=\"line-height:normal\"><span style=\"font-family:\"><span style=\"font-size:12.0pt\"><span new=\"New\" style=\"font-family:\"><span style=\"color:#444444\">I materiali sono flessibili e facili da lavorare<\/span><\/span><\/span><\/span><\/span><\/span><br \/><span style=\"font-size:11pt\"><span style=\"line-height:normal\"><span style=\"font-family:\"><span style=\"font-size:12.0pt\"><span new=\"New\" style=\"font-family:\"><span style=\"color:#444444\">Larghezza del tessuto: 150 cm<\/span><\/span><\/span><\/span><\/span><\/span><\/p>\n<p><span style=\"font-size:11pt\"><span style=\"line-height:normal\"><span style=\"font-family:\"><span style=\"font-size:12.0pt\"><span new=\"New\" style=\"font-family:\"><span style=\"color:#444444\">Il prezzo si intende per 1 metro lineare (100 x 150 cm).<\/span><\/span><\/span><\/span><\/span><\/span><br \/><span style=\"font-size:11pt\"><span style=\"line-height:normal\"><span style=\"font-family:\"><span style=\"font-size:12.0pt\"><span new=\"New\" style=\"font-family:\"><span style=\"color:#444444\">In caso di acquisto di pi\u00f9 metri, cerchiamo di inviare il materiale in un unico pezzo.<\/span><\/span><\/span><\/span><\/span><\/span><\/p>\n<p><span style=\"font-size:11pt\"><span style=\"line-height:normal\"><span style=\"font-family:\"><span style=\"font-size:12.0pt\"><span new=\"New\" style=\"font-family:\"><span style=\"color:#444444\">Adesivo speciale, resistente alle alte temperature, disponibile nel nostro negozio.<\/span><\/span><\/span><\/span><\/span><\/span><\/h2>\n<h3 style=\"margin: 18px 0px; text-align: left; color: rgb(68, 68, 68); text-transform: none; line-height: 24px; text-indent: 0px; letter-spacing: normal; font-size: 24px; font-style: normal; font-variant: normal; font-weight: 500; text-decoration: none; word-spacing: 0px; display: block; white-space: normal; box-sizing: border-box; orphans: 2; -webkit-text-stroke-width: 0px; background-color: transparent;\">\u00a0<\/h3>","protected":false},"excerpt":{"rendered":"<p>TKANINA SAMOCHODOWA NA PODSUFITK\u0118 \u00a0 Tkaniny na podsufitki samochodowe przez nas oferowane pochodz\u0105 z najwi\u0119kszych europejskich fabryk produkuj\u0105cych materia\u0142y dla koncern\u00f3w samochodowych Kolor: Szary Materia\u0142 dost\u0119pny r\u00f3wnie\u017c w wersji bez g\u0105bki &#8211; do zastosowania na s\u0142upki i przes\u0142ony szyberdachu &#8211; TUTAJ Materia\u0142y charakteryzuj\u0105 si\u0119 bardzo dobr\u0105 jako\u015bci\u0105 (OEM \u2013 pierwszy gatunek)Materia\u0142y laminowane s\u0105 na specjalnej [&hellip;]<\/p>\n","protected":false},"featured_media":1002,"comment_status":"closed","ping_status":"closed","template":"","meta":{"_acf_changed":false},"product_brand":[17],"product_cat":[39,18],"product_tag":[],"class_list":["post-1412","product","type-product","status-publish","has-post-thumbnail","product_brand-modeco","product_cat-tkaniny-kolekcja-regularna","product_cat-tkaniny-na-podsufitki-samochodowe","first","instock","purchasable","product-type-simple"],"acf":[],"_links":{"self":[{"href":"https:\/\/modeco-sklep.pl\/it\/wp-json\/wp\/v2\/product\/1412","targetHints":{"allow":["GET"]}}],"collection":[{"href":"https:\/\/modeco-sklep.pl\/it\/wp-json\/wp\/v2\/product"}],"about":[{"href":"https:\/\/modeco-sklep.pl\/it\/wp-json\/wp\/v2\/types\/product"}],"replies":[{"embeddable":true,"href":"https:\/\/modeco-sklep.pl\/it\/wp-json\/wp\/v2\/comments?post=1412"}],"wp:featuredmedia":[{"embeddable":true,"href":"https:\/\/modeco-sklep.pl\/it\/wp-json\/wp\/v2\/media\/1002"}],"wp:attachment":[{"href":"https:\/\/modeco-sklep.pl\/it\/wp-json\/wp\/v2\/media?parent=1412"}],"wp:term":[{"taxonomy":"product_brand","embeddable":true,"href":"https:\/\/modeco-sklep.pl\/it\/wp-json\/wp\/v2\/product_brand?post=1412"},{"taxonomy":"product_cat","embeddable":true,"href":"https:\/\/modeco-sklep.pl\/it\/wp-json\/wp\/v2\/product_cat?post=1412"},{"taxonomy":"product_tag","embeddable":true,"href":"https:\/\/modeco-sklep.pl\/it\/wp-json\/wp\/v2\/product_tag?post=1412"}],"curies":[{"name":"wp","href":"https:\/\/api.w.org\/{rel}","templated":true}]}}

<h2><span style="font-size:11pt"><span style="line-height:normal"><span style="font-family:"><b><span style="font-size:12.0pt"><span new="New" style="font-family:"><span style="color:#444444">TESSUTO PER AUTO PER IL RIVESTIMENTO DEL TETTO  </span></span></span></b></span></span></span></p>
<p><span style="font-size:11pt"><span style="line-height:normal"><span style="font-family:"><span style="font-size:12.0pt"><span new="New" style="font-family:"><span style="color:#444444">I nostri tessuti per headliner provengono dalle più grandi fabbriche europee che producono tessuti per le aziende automobilistiche.</p>
<p>Colore: Grigio</p>
<p>Il materiale è disponibile anche nella versione senza spugna, da utilizzare su montanti e schermi parasole. <a href="http://modeco-sklep.pl/it/headliner-slim-b05-grigio-bmw-e36-e38-e39-p-5076-html/">QUI</a></span></span></span></span></span></span></p>
<p><span style="font-size:11pt"><span style="line-height:normal"><span style="font-family:"><span style="font-size:12.0pt"><span new="New" style="font-family:"><span style="color:#444444">I materiali sono di ottima qualità (OEM - prima scelta)</span></span></span></span></span></span><br /><span style="font-size:11pt"><span style="line-height:normal"><span style="font-family:"><span style="font-size:12.0pt"><span new="New" style="font-family:"><span style="color:#444444">I materiali sono laminati su una speciale spugna dello spessore di circa 3-4 mm.</span></span></span></span></span></span><br /><span style="font-size:11pt"><span style="line-height:normal"><span style="font-family:"><span style="font-size:12.0pt"><span new="New" style="font-family:"><span style="color:#444444">I materiali sono flessibili e facili da lavorare</span></span></span></span></span></span><br /><span style="font-size:11pt"><span style="line-height:normal"><span style="font-family:"><span style="font-size:12.0pt"><span new="New" style="font-family:"><span style="color:#444444">Larghezza del tessuto: 150 cm</span></span></span></span></span></span></p>
<p><span style="font-size:11pt"><span style="line-height:normal"><span style="font-family:"><span style="font-size:12.0pt"><span new="New" style="font-family:"><span style="color:#444444">Il prezzo si intende per 1 metro lineare (100 x 150 cm).</span></span></span></span></span></span><br /><span style="font-size:11pt"><span style="line-height:normal"><span style="font-family:"><span style="font-size:12.0pt"><span new="New" style="font-family:"><span style="color:#444444">In caso di acquisto di più metri, cerchiamo di inviare il materiale in un unico pezzo.</span></span></span></span></span></span></p>
<p><span style="font-size:11pt"><span style="line-height:normal"><span style="font-family:"><span style="font-size:12.0pt"><span new="New" style="font-family:"><span style="color:#444444">Adesivo speciale, resistente alle alte temperature, disponibile nel nostro negozio.</span></span></span></span></span></span></h2>
<h3 style="margin: 18px 0px; text-align: left; color: rgb(68, 68, 68); text-transform: none; line-height: 24px; text-indent: 0px; letter-spacing: normal; font-size: 24px; font-style: normal; font-variant: normal; font-weight: 500; text-decoration: none; word-spacing: 0px; display: block; white-space: normal; box-sizing: border-box; orphans: 2; -webkit-text-stroke-width: 0px; background-color: transparent;"> </h3>

<p>TKANINA SAMOCHODOWA NA PODSUFITKĘ   Tkaniny na podsufitki samochodowe przez nas oferowane pochodzą z największych europejskich fabryk produkujących materiały dla koncernów samochodowych Kolor: Szary Materiał dostępny również w wersji bez gąbki &#8211; do zastosowania na słupki i przesłony szyberdachu &#8211; TUTAJ Materiały charakteryzują się bardzo dobrą jakością (OEM – pierwszy gatunek)Materiały laminowane są na specjalnej [&hellip;]</p>
