{"id":1212,"date":"2025-06-12T18:07:02","date_gmt":"2025-06-12T18:07:02","guid":{"rendered":"https:\/\/modeco.mywebwork.net\/produkt\/kolor-jasny-szary\/"},"modified":"2025-06-15T07:22:21","modified_gmt":"2025-06-15T07:22:21","slug":"colore-grigio-chiaro","status":"publish","type":"product","link":"https:\/\/modeco-sklep.pl\/it\/kolor-jasny-szary\/","title":{"rendered":"COLORE GRIGIO CHIARO"},"content":{"rendered":"<h2><span style=\"font-size:11pt\"><span style=\"line-height:normal\"><span style=\"font-family:\"><b><span style=\"font-size:12.0pt\"><span new=\"New\" style=\"font-family:\"><span style=\"color:#444444\">TESSUTO PER AUTO PER IL SOFFITTO  \u2013 LARGO 180 CM<\/span><\/span><\/span><\/b><\/span><\/span><\/span><\/p>\n<p><span style=\"font-size:11pt\"><span style=\"line-height:normal\"><span style=\"font-family:\"><span style=\"font-size:12.0pt\"><span new=\"New\" style=\"font-family:\"><span style=\"color:#444444\">I nostri tessuti per headliner provengono dalle pi\u00f9 grandi fabbriche europee che producono tessuti per le aziende automobilistiche.<\/span><\/span><\/span><\/span><\/span><\/span><\/p>\n<p><span style=\"font-size:11pt\"><span style=\"line-height:normal\"><span style=\"font-family:\"><span style=\"font-size:12.0pt\"><span new=\"New\" style=\"font-family:\"><span style=\"color:#444444\">I materiali sono di ottima qualit\u00e0 (OEM - prima scelta)<\/span><\/span><\/span><\/span><\/span><\/span><br \/><span style=\"font-size:11pt\"><span style=\"line-height:normal\"><span style=\"font-family:\"><span style=\"font-size:12.0pt\"><span new=\"New\" style=\"font-family:\"><span style=\"color:#444444\">I materiali sono laminati su una speciale spugna e su un supporto, per uno spessore complessivo di circa 3-4 mm.<\/span><\/span><\/span><\/span><\/span><\/span><br \/><span style=\"font-size:11pt\"><span style=\"line-height:normal\"><span style=\"font-family:\"><span style=\"font-size:12.0pt\"><span new=\"New\" style=\"font-family:\"><span style=\"color:#444444\">I materiali sono flessibili e facili da lavorare<\/span><\/span><\/span><\/span><\/span><\/span><br \/><span style=\"font-size:11pt\"><span style=\"line-height:normal\"><span style=\"font-family:\"><span style=\"font-size:12.0pt\"><span new=\"New\" style=\"font-family:\"><span style=\"color:#444444\">Larghezza del materiale: 180 cm<\/span><\/span><\/span><\/span><\/span><\/span><\/p>\n<p><span style=\"font-size:11pt\"><span style=\"line-height:normal\"><span style=\"font-family:\"><span style=\"font-size:12.0pt\"><span new=\"New\" style=\"font-family:\"><span style=\"color:#444444\">Il prezzo si riferisce a 1 metro lineare (100 x 180 cm).<\/span><\/span><\/span><\/span><\/span><\/span><br \/><span style=\"font-size:11pt\"><span style=\"line-height:normal\"><span style=\"font-family:\"><span style=\"font-size:12.0pt\"><span new=\"New\" style=\"font-family:\"><span style=\"color:#444444\">In caso di acquisto di pi\u00f9 metri, cerchiamo di inviare il materiale in un unico pezzo.<\/span><\/span><\/span><\/span><\/span><\/span><\/p>\n<p><span style=\"font-size:11pt\"><span style=\"line-height:normal\"><span style=\"font-family:\"><span style=\"font-size:12.0pt\"><span new=\"New\" style=\"font-family:\"><span style=\"color:#444444\">Adesivo speciale, resistente alle alte temperature, disponibile nel nostro negozio.<\/span><\/span><\/span><\/span><\/span><\/span><\/h2>\n<p normal=\"normal\" style=\"color: rgb(68, 68, 68); box-sizing: border-box; background-color: transparent;\">\u00a0<\/p>","protected":false},"excerpt":{"rendered":"<p>TKANINA SAMOCHODOWA NA PODSUFITK\u0118\u00a0 &#8211; SZEROKA 180CM Tkaniny na podsufitki samochodowe przez nas oferowane pochodz\u0105 z najwi\u0119kszych europejskich fabryk produkuj\u0105cych materia\u0142y dla koncern\u00f3w samochodowych Materia\u0142y charakteryzuj\u0105 si\u0119 bardzo dobr\u0105 jako\u015bci\u0105 (OEM \u2013 pierwszy gatunek)Materia\u0142y laminowane s\u0105 na specjalnej g\u0105bce i podk\u0142adzie, \u0142\u0105cznie\u00a0 o grubo\u015bci ok.3-4 mmMateria\u0142y s\u0105 elastyczne i \u0142atwe w obr\u00f3bceSzeroko\u015b\u0107 materia\u0142u: 180 cm [&hellip;]<\/p>\n","protected":false},"featured_media":659,"comment_status":"closed","ping_status":"closed","template":"","meta":{"_acf_changed":false},"product_brand":[17],"product_cat":[18],"product_tag":[],"class_list":["post-1212","product","type-product","status-publish","has-post-thumbnail","product_brand-modeco","product_cat-tkaniny-na-podsufitki-samochodowe","first","instock","purchasable","product-type-simple"],"acf":[],"_links":{"self":[{"href":"https:\/\/modeco-sklep.pl\/it\/wp-json\/wp\/v2\/product\/1212","targetHints":{"allow":["GET"]}}],"collection":[{"href":"https:\/\/modeco-sklep.pl\/it\/wp-json\/wp\/v2\/product"}],"about":[{"href":"https:\/\/modeco-sklep.pl\/it\/wp-json\/wp\/v2\/types\/product"}],"replies":[{"embeddable":true,"href":"https:\/\/modeco-sklep.pl\/it\/wp-json\/wp\/v2\/comments?post=1212"}],"wp:featuredmedia":[{"embeddable":true,"href":"https:\/\/modeco-sklep.pl\/it\/wp-json\/wp\/v2\/media\/659"}],"wp:attachment":[{"href":"https:\/\/modeco-sklep.pl\/it\/wp-json\/wp\/v2\/media?parent=1212"}],"wp:term":[{"taxonomy":"product_brand","embeddable":true,"href":"https:\/\/modeco-sklep.pl\/it\/wp-json\/wp\/v2\/product_brand?post=1212"},{"taxonomy":"product_cat","embeddable":true,"href":"https:\/\/modeco-sklep.pl\/it\/wp-json\/wp\/v2\/product_cat?post=1212"},{"taxonomy":"product_tag","embeddable":true,"href":"https:\/\/modeco-sklep.pl\/it\/wp-json\/wp\/v2\/product_tag?post=1212"}],"curies":[{"name":"wp","href":"https:\/\/api.w.org\/{rel}","templated":true}]}}

<h2><span style="font-size:11pt"><span style="line-height:normal"><span style="font-family:"><b><span style="font-size:12.0pt"><span new="New" style="font-family:"><span style="color:#444444">TESSUTO PER AUTO PER IL SOFFITTO  – LARGO 180 CM</span></span></span></b></span></span></span></p>
<p><span style="font-size:11pt"><span style="line-height:normal"><span style="font-family:"><span style="font-size:12.0pt"><span new="New" style="font-family:"><span style="color:#444444">I nostri tessuti per headliner provengono dalle più grandi fabbriche europee che producono tessuti per le aziende automobilistiche.</span></span></span></span></span></span></p>
<p><span style="font-size:11pt"><span style="line-height:normal"><span style="font-family:"><span style="font-size:12.0pt"><span new="New" style="font-family:"><span style="color:#444444">I materiali sono di ottima qualità (OEM - prima scelta)</span></span></span></span></span></span><br /><span style="font-size:11pt"><span style="line-height:normal"><span style="font-family:"><span style="font-size:12.0pt"><span new="New" style="font-family:"><span style="color:#444444">I materiali sono laminati su una speciale spugna e su un supporto, per uno spessore complessivo di circa 3-4 mm.</span></span></span></span></span></span><br /><span style="font-size:11pt"><span style="line-height:normal"><span style="font-family:"><span style="font-size:12.0pt"><span new="New" style="font-family:"><span style="color:#444444">I materiali sono flessibili e facili da lavorare</span></span></span></span></span></span><br /><span style="font-size:11pt"><span style="line-height:normal"><span style="font-family:"><span style="font-size:12.0pt"><span new="New" style="font-family:"><span style="color:#444444">Larghezza del materiale: 180 cm</span></span></span></span></span></span></p>
<p><span style="font-size:11pt"><span style="line-height:normal"><span style="font-family:"><span style="font-size:12.0pt"><span new="New" style="font-family:"><span style="color:#444444">Il prezzo si riferisce a 1 metro lineare (100 x 180 cm).</span></span></span></span></span></span><br /><span style="font-size:11pt"><span style="line-height:normal"><span style="font-family:"><span style="font-size:12.0pt"><span new="New" style="font-family:"><span style="color:#444444">In caso di acquisto di più metri, cerchiamo di inviare il materiale in un unico pezzo.</span></span></span></span></span></span></p>
<p><span style="font-size:11pt"><span style="line-height:normal"><span style="font-family:"><span style="font-size:12.0pt"><span new="New" style="font-family:"><span style="color:#444444">Adesivo speciale, resistente alle alte temperature, disponibile nel nostro negozio.</span></span></span></span></span></span></h2>
<p normal="normal" style="color: rgb(68, 68, 68); box-sizing: border-box; background-color: transparent;"> </p>

<p>TKANINA SAMOCHODOWA NA PODSUFITKĘ  &#8211; SZEROKA 180CM Tkaniny na podsufitki samochodowe przez nas oferowane pochodzą z największych europejskich fabryk produkujących materiały dla koncernów samochodowych Materiały charakteryzują się bardzo dobrą jakością (OEM – pierwszy gatunek)Materiały laminowane są na specjalnej gąbce i podkładzie, łącznie  o grubości ok.3-4 mmMateriały są elastyczne i łatwe w obróbceSzerokość materiału: 180 cm [&hellip;]</p>
