{"id":1152,"date":"2025-06-12T18:06:30","date_gmt":"2025-06-12T18:06:30","guid":{"rendered":"https:\/\/modeco.mywebwork.net\/produkt\/podsufitka-7q-02-jasny-szary-mercedes-benz\/"},"modified":"2026-02-04T14:07:11","modified_gmt":"2026-02-04T13:07:11","slug":"rivestimento-interno-7q-02-grigio-chiaro-mercedes-benz","status":"publish","type":"product","link":"https:\/\/modeco-sklep.pl\/it\/podsufitka-7q-02-jasny-szary-mercedes-benz\/","title":{"rendered":"PODSUFITKA 7Q-02 GRIGIO CHIARO MERCEDES-BENZ"},"content":{"rendered":"<h2><span style=\"font-size: 11pt;\"><span style=\"line-height: normal;\"><b><span style=\"font-size: 12.0pt;\"><span style=\"color: #444444;\">TESSUTO PER AUTO PER IL RIVESTIMENTO DEL TETTO \u00a0<\/span><\/span><\/b><\/span><\/span><\/h2>\n<p><span style=\"font-size: 11pt;\"><span style=\"line-height: normal;\"><span style=\"font-size: 12.0pt;\"><span style=\"color: #444444;\">I nostri tessuti per headliner provengono dalle pi\u00f9 grandi fabbriche europee che producono tessuti per le aziende automobilistiche.<\/span><\/span><\/span><\/span><\/p>\n<p><span style=\"font-size: 11pt;\"><span style=\"line-height: normal;\"><span style=\"font-size: 12.0pt;\"><span style=\"color: #444444;\">I materiali sono di ottima qualit\u00e0 (OEM - prima scelta)<\/span><\/span><\/span><\/span><br \/>\n<span style=\"font-size: 11pt;\"><span style=\"line-height: normal;\"><span style=\"font-size: 12.0pt;\"><span style=\"color: #444444;\">I materiali sono laminati su una speciale spugna dello spessore di circa 3-4 mm.<\/span><\/span><\/span><\/span><br \/>\n<span style=\"font-size: 11pt;\"><span style=\"line-height: normal;\"><span style=\"font-size: 12.0pt;\"><span style=\"color: #444444;\">I materiali sono flessibili e facili da lavorare<\/span><\/span><\/span><\/span><br \/>\n<span style=\"font-size: 11pt;\"><span style=\"line-height: normal;\"><span style=\"font-size: 12.0pt;\"><span style=\"color: #444444;\">Larghezza del tessuto: 150 cm<\/span><\/span><\/span><\/span><\/p>\n<p><span style=\"font-size: 11pt;\"><span style=\"line-height: normal;\"><span style=\"font-size: 12.0pt;\"><span style=\"color: #444444;\">Il prezzo si intende per 1 metro lineare (100 x 150 cm).<\/span><\/span><\/span><\/span><br \/>\n<span style=\"font-size: 11pt;\"><span style=\"line-height: normal;\"><span style=\"font-size: 12.0pt;\"><span style=\"color: #444444;\">In caso di acquisto di pi\u00f9 metri, cerchiamo di inviare il materiale in un unico pezzo.<\/span><\/span><\/span><\/span><\/p>\n<p><span style=\"font-size: 11pt;\"><span style=\"line-height: normal;\"><span style=\"font-size: 12.0pt;\"><span style=\"color: #444444;\">Adesivo speciale, resistente alle alte temperature, disponibile nel nostro negozio.<\/span><\/span><\/span><\/span><\/p>\n<p>Spedizione dei materiali in un tubo di cartone sicuro<\/p>\n<p>* MATERIALE DISPONIBILE ANCHE NELLA VERSIONE SLIM PER PALETTI<\/p>\n<div id=\"PozostaleProdukty\">\n<div class=\"Produkty LiniaPrawa\"><\/div>\n<\/div>","protected":false},"excerpt":{"rendered":"<p>TKANINA SAMOCHODOWA NA PODSUFITK\u0118 \u00a0 Tkaniny na podsufitki samochodowe przez nas oferowane pochodz\u0105 z najwi\u0119kszych europejskich fabryk produkuj\u0105cych materia\u0142y dla koncern\u00f3w samochodowych Materia\u0142y charakteryzuj\u0105 si\u0119 bardzo dobr\u0105 jako\u015bci\u0105 (OEM \u2013 pierwszy gatunek) Materia\u0142y laminowane s\u0105 na specjalnej g\u0105bce o grubo\u015bci ok.3-4 mm Materia\u0142y s\u0105 elastyczne i \u0142atwe w obr\u00f3bce Szeroko\u015b\u0107 materia\u0142u: 150 cm Cena dotyczy [&hellip;]<\/p>\n","protected":false},"featured_media":7452,"comment_status":"closed","ping_status":"closed","template":"","meta":{"_acf_changed":false},"product_brand":[17],"product_cat":[33],"product_tag":[],"class_list":["post-1152","product","type-product","status-publish","has-post-thumbnail","product_brand-modeco","product_cat-tkaniny-dedykowane-oem","first","instock","purchasable","product-type-simple"],"acf":[],"_links":{"self":[{"href":"https:\/\/modeco-sklep.pl\/it\/wp-json\/wp\/v2\/product\/1152","targetHints":{"allow":["GET"]}}],"collection":[{"href":"https:\/\/modeco-sklep.pl\/it\/wp-json\/wp\/v2\/product"}],"about":[{"href":"https:\/\/modeco-sklep.pl\/it\/wp-json\/wp\/v2\/types\/product"}],"replies":[{"embeddable":true,"href":"https:\/\/modeco-sklep.pl\/it\/wp-json\/wp\/v2\/comments?post=1152"}],"wp:featuredmedia":[{"embeddable":true,"href":"https:\/\/modeco-sklep.pl\/it\/wp-json\/wp\/v2\/media\/7452"}],"wp:attachment":[{"href":"https:\/\/modeco-sklep.pl\/it\/wp-json\/wp\/v2\/media?parent=1152"}],"wp:term":[{"taxonomy":"product_brand","embeddable":true,"href":"https:\/\/modeco-sklep.pl\/it\/wp-json\/wp\/v2\/product_brand?post=1152"},{"taxonomy":"product_cat","embeddable":true,"href":"https:\/\/modeco-sklep.pl\/it\/wp-json\/wp\/v2\/product_cat?post=1152"},{"taxonomy":"product_tag","embeddable":true,"href":"https:\/\/modeco-sklep.pl\/it\/wp-json\/wp\/v2\/product_tag?post=1152"}],"curies":[{"name":"wp","href":"https:\/\/api.w.org\/{rel}","templated":true}]}}

<h2><span style="font-size: 11pt;"><span style="line-height: normal;"><b><span style="font-size: 12.0pt;"><span style="color: #444444;">TESSUTO PER AUTO PER IL RIVESTIMENTO DEL TETTO  </span></span></b></span></span></h2>
<p><span style="font-size: 11pt;"><span style="line-height: normal;"><span style="font-size: 12.0pt;"><span style="color: #444444;">I nostri tessuti per headliner provengono dalle più grandi fabbriche europee che producono tessuti per le aziende automobilistiche.</span></span></span></span></p>
<p><span style="font-size: 11pt;"><span style="line-height: normal;"><span style="font-size: 12.0pt;"><span style="color: #444444;">I materiali sono di ottima qualità (OEM - prima scelta)</span></span></span></span><br />
<span style="font-size: 11pt;"><span style="line-height: normal;"><span style="font-size: 12.0pt;"><span style="color: #444444;">I materiali sono laminati su una speciale spugna dello spessore di circa 3-4 mm.</span></span></span></span><br />
<span style="font-size: 11pt;"><span style="line-height: normal;"><span style="font-size: 12.0pt;"><span style="color: #444444;">I materiali sono flessibili e facili da lavorare</span></span></span></span><br />
<span style="font-size: 11pt;"><span style="line-height: normal;"><span style="font-size: 12.0pt;"><span style="color: #444444;">Larghezza del tessuto: 150 cm</span></span></span></span></p>
<p><span style="font-size: 11pt;"><span style="line-height: normal;"><span style="font-size: 12.0pt;"><span style="color: #444444;">Il prezzo si intende per 1 metro lineare (100 x 150 cm).</span></span></span></span><br />
<span style="font-size: 11pt;"><span style="line-height: normal;"><span style="font-size: 12.0pt;"><span style="color: #444444;">In caso di acquisto di più metri, cerchiamo di inviare il materiale in un unico pezzo.</span></span></span></span></p>
<p><span style="font-size: 11pt;"><span style="line-height: normal;"><span style="font-size: 12.0pt;"><span style="color: #444444;">Adesivo speciale, resistente alle alte temperature, disponibile nel nostro negozio.</span></span></span></span></p>
<p>Spedizione dei materiali in un tubo di cartone sicuro</p>
<p>* MATERIALE DISPONIBILE ANCHE NELLA VERSIONE SLIM PER PALETTI</p>
<div id="PozostaleProdukty">
<div class="Produkty LiniaPrawa"></div>
</div>

<p>TKANINA SAMOCHODOWA NA PODSUFITKĘ   Tkaniny na podsufitki samochodowe przez nas oferowane pochodzą z największych europejskich fabryk produkujących materiały dla koncernów samochodowych Materiały charakteryzują się bardzo dobrą jakością (OEM – pierwszy gatunek) Materiały laminowane są na specjalnej gąbce o grubości ok.3-4 mm Materiały są elastyczne i łatwe w obróbce Szerokość materiału: 150 cm Cena dotyczy [&hellip;]</p>
