{"id":7526,"date":"2026-02-11T11:13:18","date_gmt":"2026-02-11T10:13:18","guid":{"rendered":"https:\/\/modeco-sklep.pl\/?post_type=product&#038;p=7526"},"modified":"2026-02-11T11:30:23","modified_gmt":"2026-02-11T10:30:23","slug":"autocollant-avon-142-cm-gris","status":"publish","type":"product","link":"https:\/\/modeco-sklep.pl\/fr\/samoprzylepny-avon-142-cm-szary\/","title":{"rendered":"AUTOCOLLANT AVON (142 CM) - GRIS"},"content":{"rendered":"<h3>REV\u00caTEMENT AUTO-ADH\u00c9SIF POUR PLAFOND ET C\u00d4T\u00c9S DE VOITURE<\/h3>\n<p data-start=\"0\" data-end=\"243\"><strong data-start=\"0\" data-end=\"26\">Tapis SOFTEX AVON<\/strong> a \u00e9t\u00e9 sp\u00e9cialement con\u00e7u pour la finition int\u00e9rieure des camping-cars, des camionnettes, des bus et des cabines de bateau. Il est id\u00e9al pour transformer les bus en camping-cars et toutes sortes de carrosseries.<\/p>\n<p data-start=\"245\" data-end=\"479\">Le mat\u00e9riel est <strong data-start=\"259\" data-end=\"276\">autocollant<\/strong> - est dot\u00e9 d'une couche adh\u00e9sive prot\u00e9g\u00e9e par un film protecteur pour une installation rapide et pratique. Le rev\u00eatement de sol peut \u00eatre appliqu\u00e9 sur les surfaces suivantes <strong data-start=\"412\" data-end=\"478\">m\u00e9tal, bois et autres substrats convenablement pr\u00e9par\u00e9s<\/strong>.<\/p>\n<p data-start=\"481\" data-end=\"660\">Merci \u00e0 <strong data-start=\"488\" data-end=\"514\">grande flexibilit\u00e9<\/strong> La doublure s'adapte tr\u00e8s bien aux nervures, aux passages de roues et aux formes irr\u00e9guli\u00e8res, tout en \u00e9tant facile \u00e0 former et \u00e0 \u00e9tirer.<\/p>\n<p data-start=\"662\" data-end=\"808\">Il est <strong data-start=\"670\" data-end=\"757\">mat\u00e9riel original utilis\u00e9 par les constructeurs de camping-cars et d'autocars<\/strong>, ce qui confirme sa durabilit\u00e9 et sa haute qualit\u00e9.<\/p>\n<p data-start=\"810\" data-end=\"999\">Le tapis a <strong data-start=\"829\" data-end=\"905\">certification pour l'utilisation dans les v\u00e9hicules d'utilit\u00e9 publique<\/strong>, Il peut donc \u00eatre utilis\u00e9 aussi bien dans un cadre priv\u00e9 que professionnel.<\/p>\n<p>D\u00e9tails du produit :<\/p>\n<p>Largeur du tapis : 142cm<br \/>\n\u00c9paisseur de la moquette : 3mm<\/p>\n<p>Le prix est pour 1 m\u00e8tre courant de moquette<\/p>","protected":false},"excerpt":{"rendered":"<p>SAMOPRZYLEPNA WYK\u0141ADZINA SAMOCHODOWA NA SUFIT, BOKI Wyk\u0142adzina SOFTEX AVON zosta\u0142a zaprojektowana specjalnie do wyka\u0144czania wn\u0119trz w samochodach kempingowych, vanach, busach oraz kabinach \u0142odzi. Doskonale sprawdza si\u0119 przy konwersji bus\u00f3w na kampery i wszelkiego rodzaju zabudowach pojazd\u00f3w. Materia\u0142 jest samoprzylepny \u2013 posiada warstw\u0119 kleju zabezpieczon\u0105 foli\u0105 ochronn\u0105, co umo\u017cliwia szybki i wygodny monta\u017c. Wyk\u0142adzin\u0119 mo\u017cna aplikowa\u0107 [&hellip;]<\/p>\n","protected":false},"featured_media":7527,"comment_status":"closed","ping_status":"closed","template":"","meta":{"_acf_changed":false},"product_brand":[17],"product_cat":[52],"product_tag":[],"class_list":["post-7526","product","type-product","status-publish","has-post-thumbnail","product_brand-modeco","product_cat-avon-wykladzina-samoprzylepna","first","instock","purchasable","product-type-simple"],"acf":[],"_links":{"self":[{"href":"https:\/\/modeco-sklep.pl\/fr\/wp-json\/wp\/v2\/product\/7526","targetHints":{"allow":["GET"]}}],"collection":[{"href":"https:\/\/modeco-sklep.pl\/fr\/wp-json\/wp\/v2\/product"}],"about":[{"href":"https:\/\/modeco-sklep.pl\/fr\/wp-json\/wp\/v2\/types\/product"}],"replies":[{"embeddable":true,"href":"https:\/\/modeco-sklep.pl\/fr\/wp-json\/wp\/v2\/comments?post=7526"}],"wp:featuredmedia":[{"embeddable":true,"href":"https:\/\/modeco-sklep.pl\/fr\/wp-json\/wp\/v2\/media\/7527"}],"wp:attachment":[{"href":"https:\/\/modeco-sklep.pl\/fr\/wp-json\/wp\/v2\/media?parent=7526"}],"wp:term":[{"taxonomy":"product_brand","embeddable":true,"href":"https:\/\/modeco-sklep.pl\/fr\/wp-json\/wp\/v2\/product_brand?post=7526"},{"taxonomy":"product_cat","embeddable":true,"href":"https:\/\/modeco-sklep.pl\/fr\/wp-json\/wp\/v2\/product_cat?post=7526"},{"taxonomy":"product_tag","embeddable":true,"href":"https:\/\/modeco-sklep.pl\/fr\/wp-json\/wp\/v2\/product_tag?post=7526"}],"curies":[{"name":"wp","href":"https:\/\/api.w.org\/{rel}","templated":true}]}}

<h3>REVÊTEMENT AUTO-ADHÉSIF POUR PLAFOND ET CÔTÉS DE VOITURE</h3>
<p data-start="0" data-end="243"><strong data-start="0" data-end="26">Tapis SOFTEX AVON</strong> a été spécialement conçu pour la finition intérieure des camping-cars, des camionnettes, des bus et des cabines de bateau. Il est idéal pour transformer les bus en camping-cars et toutes sortes de carrosseries.</p>
<p data-start="245" data-end="479">Le matériel est <strong data-start="259" data-end="276">autocollant</strong> - est doté d'une couche adhésive protégée par un film protecteur pour une installation rapide et pratique. Le revêtement de sol peut être appliqué sur les surfaces suivantes <strong data-start="412" data-end="478">métal, bois et autres substrats convenablement préparés</strong>.</p>
<p data-start="481" data-end="660">Merci à <strong data-start="488" data-end="514">grande flexibilité</strong> La doublure s'adapte très bien aux nervures, aux passages de roues et aux formes irrégulières, tout en étant facile à former et à étirer.</p>
<p data-start="662" data-end="808">Il est <strong data-start="670" data-end="757">matériel original utilisé par les constructeurs de camping-cars et d'autocars</strong>, ce qui confirme sa durabilité et sa haute qualité.</p>
<p data-start="810" data-end="999">Le tapis a <strong data-start="829" data-end="905">certification pour l'utilisation dans les véhicules d'utilité publique</strong>, Il peut donc être utilisé aussi bien dans un cadre privé que professionnel.</p>
<p>Détails du produit :</p>
<p>Largeur du tapis : 142cm<br />
Épaisseur de la moquette : 3mm</p>
<p>Le prix est pour 1 mètre courant de moquette</p>

<p>SAMOPRZYLEPNA WYKŁADZINA SAMOCHODOWA NA SUFIT, BOKI Wykładzina SOFTEX AVON została zaprojektowana specjalnie do wykańczania wnętrz w samochodach kempingowych, vanach, busach oraz kabinach łodzi. Doskonale sprawdza się przy konwersji busów na kampery i wszelkiego rodzaju zabudowach pojazdów. Materiał jest samoprzylepny – posiada warstwę kleju zabezpieczoną folią ochronną, co umożliwia szybki i wygodny montaż. Wykładzinę można aplikować [&hellip;]</p>
