{"id":6080,"date":"2025-09-14T23:23:39","date_gmt":"2025-09-14T21:23:39","guid":{"rendered":"https:\/\/modeco-sklep.pl\/?post_type=product&#038;p=6080"},"modified":"2026-08-28T10:19:26","modified_gmt":"2026-08-28T08:19:26","slug":"cuir-suede-haut-de-gamme-modele-carrera-noir-nic-blue","status":"publish","type":"product","link":"https:\/\/modeco-sklep.pl\/fr\/premium-suede-carrera-design-czarna-nic-blue\/","title":{"rendered":"SU\u00c8DE PREMIUM MOD\u00c8LE CARRERA NOIR \/ FIL BLEU"},"content":{"rendered":"<h3><strong>SUEDE PREMIUM<\/strong><\/h3>\n<h3>Tissu lamin\u00e9 destin\u00e9 \u00e0 l'habillage int\u00e9rieur automobile<\/h3>\n<p>Mat\u00e9riau destin\u00e9 \u00e0 \u00eatre utilis\u00e9 sur les si\u00e8ges de voiture, les panneaux de porte, les parois et les plafonds pour l'am\u00e9nagement de fourgonnettes\/bus.<\/p>\n<h3>\u2705 Mat\u00e9riau de haute qualit\u00e9 sur mousse sp\u00e9ciale de 8 mm d'\u00e9paisseur.<br \/>\n\u2705 Mousse haute densit\u00e9 - r\u00e9sistante \u00e0 la d\u00e9formation.<br \/>\n\u2705 Mati\u00e8re exclusive en SUEDE<br \/>\n\u2705 Cheveux courts qui changent de direction lorsqu'ils sont tir\u00e9s \u00e0 la main<\/h3>\n<h3><strong>D\u00e9tails du produit :<\/strong><\/h3>\n<ul>\n<li>\n<h3>1 pi\u00e8ce = 1 m\u00e8tre lin\u00e9aire de tissu (100 cm x 150 cm).<\/h3>\n<\/li>\n<li>\n<h3>Largeur : 150 cm.<\/h3>\n<\/li>\n<li>\n<h3>En cas d'achat d'une plus grande quantit\u00e9, nous envoyons le mat\u00e9riau en un seul morceau.<\/h3>\n<\/li>\n<\/ul>\n<h3><\/h3>","protected":false},"excerpt":{"rendered":"<p>PREMIUM SUEDE Laminowana tkanina przeznaczona do tapicerki samochodowej Materia\u0142 do zastosowania na fotele samochodowe, boczki drzwiowe, \u015bciany i sufity do zabudowy van\u00f3w\/bus\u00f3w &#x2705; Wysokiej jako\u015bci materia\u0142 na specjalnej piance o grubo\u015bci 8 mm. &#x2705; Pianka o wysokiej g\u0119sto\u015bci \u2013 odporna na odkszta\u0142cenia. &#x2705; Ekskluzywny materia\u0142 typu SUEDE &#x2705; Kr\u00f3tki w\u0142osek, kt\u00f3ry zmienia kierunek po przeci\u0105gni\u0119ciu [&hellip;]<\/p>\n","protected":false},"featured_media":6076,"comment_status":"closed","ping_status":"closed","template":"","meta":{"_acf_changed":false},"product_brand":[17],"product_cat":[104,103],"product_tag":[],"class_list":["post-6080","product","type-product","status-publish","has-post-thumbnail","product_brand-modeco","product_cat-carrera-design","product_cat-supreme-suede-premium","first","instock","purchasable","product-type-simple"],"acf":[],"_links":{"self":[{"href":"https:\/\/modeco-sklep.pl\/fr\/wp-json\/wp\/v2\/product\/6080","targetHints":{"allow":["GET"]}}],"collection":[{"href":"https:\/\/modeco-sklep.pl\/fr\/wp-json\/wp\/v2\/product"}],"about":[{"href":"https:\/\/modeco-sklep.pl\/fr\/wp-json\/wp\/v2\/types\/product"}],"replies":[{"embeddable":true,"href":"https:\/\/modeco-sklep.pl\/fr\/wp-json\/wp\/v2\/comments?post=6080"}],"wp:featuredmedia":[{"embeddable":true,"href":"https:\/\/modeco-sklep.pl\/fr\/wp-json\/wp\/v2\/media\/6076"}],"wp:attachment":[{"href":"https:\/\/modeco-sklep.pl\/fr\/wp-json\/wp\/v2\/media?parent=6080"}],"wp:term":[{"taxonomy":"product_brand","embeddable":true,"href":"https:\/\/modeco-sklep.pl\/fr\/wp-json\/wp\/v2\/product_brand?post=6080"},{"taxonomy":"product_cat","embeddable":true,"href":"https:\/\/modeco-sklep.pl\/fr\/wp-json\/wp\/v2\/product_cat?post=6080"},{"taxonomy":"product_tag","embeddable":true,"href":"https:\/\/modeco-sklep.pl\/fr\/wp-json\/wp\/v2\/product_tag?post=6080"}],"curies":[{"name":"wp","href":"https:\/\/api.w.org\/{rel}","templated":true}]}}

SUÈDE PREMIUM MODÈLE CARRERA NOIR / FIL BLEU

<h3><strong>SUEDE PREMIUM</strong></h3>
<h3>Tissu laminé destiné à l'habillage intérieur automobile</h3>
<p>Matériau destiné à être utilisé sur les sièges de voiture, les panneaux de porte, les parois et les plafonds pour l'aménagement de fourgonnettes/bus.</p>
<h3>✅ Matériau de haute qualité sur mousse spéciale de 8 mm d'épaisseur.<br />
✅ Mousse haute densité - résistante à la déformation.<br />
✅ Matière exclusive en SUEDE<br />
✅ Cheveux courts qui changent de direction lorsqu'ils sont tirés à la main</h3>
<h3><strong>Détails du produit :</strong></h3>
<ul>
<li>
<h3>1 pièce = 1 mètre linéaire de tissu (100 cm x 150 cm).</h3>
</li>
<li>
<h3>Largeur : 150 cm.</h3>
</li>
<li>
<h3>En cas d'achat d'une plus grande quantité, nous envoyons le matériau en un seul morceau.</h3>
</li>
</ul>
<h3></h3>

<p>PREMIUM SUEDE Laminowana tkanina przeznaczona do tapicerki samochodowej Materiał do zastosowania na fotele samochodowe, boczki drzwiowe, ściany i sufity do zabudowy vanów/busów &#x2705; Wysokiej jakości materiał na specjalnej piance o grubości 8 mm. &#x2705; Pianka o wysokiej gęstości – odporna na odkształcenia. &#x2705; Ekskluzywny materiał typu SUEDE &#x2705; Krótki włosek, który zmienia kierunek po przeciągnięciu [&hellip;]</p>
