{"id":1420,"date":"2025-06-12T18:08:22","date_gmt":"2025-06-12T18:08:22","guid":{"rendered":"https:\/\/modeco.mywebwork.net\/produkt\/podsufitka-8k207-ciemny-szary-audi-a4-a5a6-q3-q5-q7\/"},"modified":"2026-01-18T21:51:42","modified_gmt":"2026-01-18T20:51:42","slug":"garniture-de-pavillon-8k207-gris-fonce-audi-a4-a5a6-q3-q5-q7","status":"publish","type":"product","link":"https:\/\/modeco-sklep.pl\/fr\/podsufitka-8k207-ciemny-szary-audi-a4-a5a6-q3-q5-q7\/","title":{"rendered":"SLIM 8K207 GRIS FONC\u00c9 AUDI A4 A5A6 Q3 Q5 Q7"},"content":{"rendered":"<h2><b>TISSU AUTOMOBILE POUR MONTANTS \/ COUVERTURES DE TOIT OUVRANT<\/b><\/h2>\n<p>&nbsp;<\/p>\n<p>Nos tissus pour garnitures de toit proviennent des plus grandes usines europ\u00e9ennes produisant des mat\u00e9riaux pour les constructeurs automobiles.<\/p>\n<p>Les mat\u00e9riaux sont de tr\u00e8s bonne qualit\u00e9 (OEM - premi\u00e8re qualit\u00e9).<br \/>\nMat\u00e9riaux lamin\u00e9s sur un support sp\u00e9cial d'une \u00e9paisseur de 1,5 mm<br \/>\nLes mat\u00e9riaux sont flexibles et faciles \u00e0 travailler<br \/>\nLargeur du tissu : 150 cm<\/p>\n<p>Le prix est pour 1 m\u00e8tre courant ( 100 x 150cm)<br \/>\nLors de l'achat de plusieurs m\u00e8tres, nous essayons d'envoyer le mat\u00e9riel en un seul morceau.<\/p>\n<p>Adh\u00e9sif sp\u00e9cial, r\u00e9sistant aux temp\u00e9ratures \u00e9lev\u00e9es, disponible dans notre magasin<\/p>\n<p>&nbsp;<\/p>\n<h3 style=\"margin: 18px 0px; text-align: left; color: #444444; text-transform: none; line-height: 24px; text-indent: 0px; letter-spacing: normal; font-size: 24px; font-style: normal; font-variant: normal; font-weight: 500; text-decoration: none; word-spacing: 0px; display: block; white-space: normal; box-sizing: border-box; orphans: 2; -webkit-text-stroke-width: 0px; background-color: transparent;\"><\/h3>","protected":false},"excerpt":{"rendered":"<p>TKANINA SAMOCHODOWA NA S\u0141UPKI \/ PRZES\u0141ONY SZYBERDACHU &nbsp; Tkaniny na podsufitki samochodowe przez nas oferowane pochodz\u0105 z najwi\u0119kszych europejskich fabryk produkuj\u0105cych materia\u0142y dla koncern\u00f3w samochodowych Materia\u0142y charakteryzuj\u0105 si\u0119 bardzo dobr\u0105 jako\u015bci\u0105 (OEM \u2013 pierwszy gatunek) Materia\u0142y laminowana na specjalnym podk\u0142adzie o grubo\u015bci 1,5mm Materia\u0142y s\u0105 elastyczne i \u0142atwe w obr\u00f3bce Szeroko\u015b\u0107 materia\u0142u: 150 cm Cena [&hellip;]<\/p>\n","protected":false},"featured_media":6796,"comment_status":"closed","ping_status":"closed","template":"","meta":{"_acf_changed":false},"product_brand":[17],"product_cat":[77,18],"product_tag":[],"class_list":["post-1420","product","type-product","status-publish","has-post-thumbnail","product_brand-modeco","product_cat-tkaniny-bez-pianki-na-slupki","product_cat-tkaniny-na-podsufitki-samochodowe","first","instock","purchasable","product-type-simple"],"acf":[],"_links":{"self":[{"href":"https:\/\/modeco-sklep.pl\/fr\/wp-json\/wp\/v2\/product\/1420","targetHints":{"allow":["GET"]}}],"collection":[{"href":"https:\/\/modeco-sklep.pl\/fr\/wp-json\/wp\/v2\/product"}],"about":[{"href":"https:\/\/modeco-sklep.pl\/fr\/wp-json\/wp\/v2\/types\/product"}],"replies":[{"embeddable":true,"href":"https:\/\/modeco-sklep.pl\/fr\/wp-json\/wp\/v2\/comments?post=1420"}],"wp:featuredmedia":[{"embeddable":true,"href":"https:\/\/modeco-sklep.pl\/fr\/wp-json\/wp\/v2\/media\/6796"}],"wp:attachment":[{"href":"https:\/\/modeco-sklep.pl\/fr\/wp-json\/wp\/v2\/media?parent=1420"}],"wp:term":[{"taxonomy":"product_brand","embeddable":true,"href":"https:\/\/modeco-sklep.pl\/fr\/wp-json\/wp\/v2\/product_brand?post=1420"},{"taxonomy":"product_cat","embeddable":true,"href":"https:\/\/modeco-sklep.pl\/fr\/wp-json\/wp\/v2\/product_cat?post=1420"},{"taxonomy":"product_tag","embeddable":true,"href":"https:\/\/modeco-sklep.pl\/fr\/wp-json\/wp\/v2\/product_tag?post=1420"}],"curies":[{"name":"wp","href":"https:\/\/api.w.org\/{rel}","templated":true}]}}

SLIM 8K207 GRIS FONCÉ AUDI A4 A5A6 Q3 Q5 Q7

<h2><b>TISSU AUTOMOBILE POUR MONTANTS / COUVERTURES DE TOIT OUVRANT</b></h2>
<p>&nbsp;</p>
<p>Nos tissus pour garnitures de toit proviennent des plus grandes usines européennes produisant des matériaux pour les constructeurs automobiles.</p>
<p>Les matériaux sont de très bonne qualité (OEM - première qualité).<br />
Matériaux laminés sur un support spécial d'une épaisseur de 1,5 mm<br />
Les matériaux sont flexibles et faciles à travailler<br />
Largeur du tissu : 150 cm</p>
<p>Le prix est pour 1 mètre courant ( 100 x 150cm)<br />
Lors de l'achat de plusieurs mètres, nous essayons d'envoyer le matériel en un seul morceau.</p>
<p>Adhésif spécial, résistant aux températures élevées, disponible dans notre magasin</p>
<p>&nbsp;</p>
<h3 style="margin: 18px 0px; text-align: left; color: #444444; text-transform: none; line-height: 24px; text-indent: 0px; letter-spacing: normal; font-size: 24px; font-style: normal; font-variant: normal; font-weight: 500; text-decoration: none; word-spacing: 0px; display: block; white-space: normal; box-sizing: border-box; orphans: 2; -webkit-text-stroke-width: 0px; background-color: transparent;"></h3>

<p>TKANINA SAMOCHODOWA NA SŁUPKI / PRZESŁONY SZYBERDACHU &nbsp; Tkaniny na podsufitki samochodowe przez nas oferowane pochodzą z największych europejskich fabryk produkujących materiały dla koncernów samochodowych Materiały charakteryzują się bardzo dobrą jakością (OEM – pierwszy gatunek) Materiały laminowana na specjalnym podkładzie o grubości 1,5mm Materiały są elastyczne i łatwe w obróbce Szerokość materiału: 150 cm Cena [&hellip;]</p>
