{"id":1307,"date":"2025-06-12T18:07:40","date_gmt":"2025-06-12T18:07:40","guid":{"rendered":"https:\/\/modeco.mywebwork.net\/produkt\/karo-design-czarna\/"},"modified":"2025-09-22T22:40:17","modified_gmt":"2025-09-22T20:40:17","slug":"carreau-noir","status":"publish","type":"product","link":"https:\/\/modeco-sklep.pl\/fr\/karo-design-czarna\/","title":{"rendered":"KARO DESIGN \/ NOIR"},"content":{"rendered":"<div class=\"widoczna tz_opis GlownyOpisProduktu\" itemprop=\"description\">\n<h1>CUIR \u00c9COLOGIQUE ESTAMP\u00c9 BENTLEY<\/h1>\n<p><span style=\"font-size:16px;\">Tissu enduit destin\u00e9 \u00e0 l'habillage automobile : rev\u00eatement des si\u00e8ges, des panneaux lat\u00e9raux des portes<\/span><\/p>\n<p><span style=\"font-size:16px;\">Tissu de tr\u00e8s haute qualit\u00e9 lamin\u00e9 sur une mousse sp\u00e9ciale d'une \u00e9paisseur de 4 millim\u00e8tres. Mousse haute densit\u00e9, ne se d\u00e9formant pas.<\/span><\/p>\n<p><span style=\"font-size:16px;\">Mat\u00e9riau de type NAPPA \u00e0 structure lisse <\/span><\/p>\n<p><span style=\"font-size:16px;\"><strong>D\u00e9tails du produit :<\/strong><\/span><\/p>\n<p><span style=\"font-size:16px;\">En achetant 1 pi\u00e8ce, vous achetez 1 m\u00e8tre courant de tissu (100 cm x 137 cm).<\/span><\/p>\n<p><span style=\"font-size:16px;\">Largeur du tissu : 137 cm<\/span><\/p>\n<p><span style=\"font-size:16px;\">Si vous achetez plusieurs articles, nous ne d\u00e9coupons pas le tissu, nous l'envoyons en un seul morceau.<\/span><\/p>\n<\/div>","protected":false},"excerpt":{"rendered":"<p>CUIR \u00c9COLOGIQUE ESTAMP\u00c9 BENTLEY Tissu enduit destin\u00e9 \u00e0 l'habillage int\u00e9rieur automobile : rev\u00eatement des si\u00e8ges, des panneaux de porte Tissu de tr\u00e8s haute qualit\u00e9 lamin\u00e9 sur une mousse sp\u00e9ciale d'une \u00e9paisseur de 4 millim\u00e8tres. Mousse haute densit\u00e9, ne se d\u00e9formant pas. Tissu de type NAPPA \u00e0 structure lisse. D\u00e9tails du produit : en achetant 1 pi\u00e8ce, vous achetez 1 m\u00e8tre courant de tissu (100 cm x 137 cm)...<\/p>","protected":false},"featured_media":827,"comment_status":"closed","ping_status":"closed","template":"","meta":{"_acf_changed":false,"_kad_blocks_custom_css":"","_kad_blocks_head_custom_js":"","_kad_blocks_body_custom_js":"","_kad_blocks_footer_custom_js":"","_kad_post_transparent":"","_kad_post_title":"","_kad_post_layout":"","_kad_post_sidebar_id":"","_kad_post_content_style":"","_kad_post_vertical_padding":"","_kad_post_feature":"","_kad_post_feature_position":"","_kad_post_header":false,"_kad_post_footer":false,"_kad_post_classname":""},"product_brand":[17],"product_cat":[75],"product_tag":[],"class_list":{"0":"post-1307","1":"product","2":"type-product","3":"status-publish","4":"has-post-thumbnail","6":"product_brand-modeco","7":"product_cat-bentley","9":"first","10":"instock","11":"purchasable","12":"product-type-simple","13":"entry","14":"content-bg","15":"loop-entry"},"acf":[],"taxonomy_info":{"product_brand":[{"value":17,"label":"MODECO"}],"product_cat":[{"value":75,"label":"SK\u00d3RY SYNTETYCZNE WYT\u0141ACZANE"}]},"featured_image_src_large":["https:\/\/modeco-sklep.pl\/wp-content\/uploads\/2025\/06\/IMG20240615171553-1024x683.jpg",1024,683,true],"author_info":[],"comment_info":0,"_links":{"self":[{"href":"https:\/\/modeco-sklep.pl\/fr\/wp-json\/wp\/v2\/product\/1307","targetHints":{"allow":["GET"]}}],"collection":[{"href":"https:\/\/modeco-sklep.pl\/fr\/wp-json\/wp\/v2\/product"}],"about":[{"href":"https:\/\/modeco-sklep.pl\/fr\/wp-json\/wp\/v2\/types\/product"}],"replies":[{"embeddable":true,"href":"https:\/\/modeco-sklep.pl\/fr\/wp-json\/wp\/v2\/comments?post=1307"}],"wp:featuredmedia":[{"embeddable":true,"href":"https:\/\/modeco-sklep.pl\/fr\/wp-json\/wp\/v2\/media\/827"}],"wp:attachment":[{"href":"https:\/\/modeco-sklep.pl\/fr\/wp-json\/wp\/v2\/media?parent=1307"}],"wp:term":[{"taxonomy":"product_brand","embeddable":true,"href":"https:\/\/modeco-sklep.pl\/fr\/wp-json\/wp\/v2\/product_brand?post=1307"},{"taxonomy":"product_cat","embeddable":true,"href":"https:\/\/modeco-sklep.pl\/fr\/wp-json\/wp\/v2\/product_cat?post=1307"},{"taxonomy":"product_tag","embeddable":true,"href":"https:\/\/modeco-sklep.pl\/fr\/wp-json\/wp\/v2\/product_tag?post=1307"}],"curies":[{"name":"wp","href":"https:\/\/api.w.org\/{rel}","templated":true}]}}

<div class="widoczna tz_opis GlownyOpisProduktu" itemprop="description">
<h1>CUIR ÉCOLOGIQUE ESTAMPÉ BENTLEY</h1>
<p><span style="font-size:16px;">Tissu enduit destiné à l'habillage automobile : revêtement des sièges, des panneaux latéraux des portes</span></p>
<p><span style="font-size:16px;">Tissu de très haute qualité laminé sur une mousse spéciale d'une épaisseur de 4 millimètres. Mousse haute densité, ne se déformant pas.</span></p>
<p><span style="font-size:16px;">Matériau de type NAPPA à structure lisse </span></p>
<p><span style="font-size:16px;"><strong>Détails du produit :</strong></span></p>
<p><span style="font-size:16px;">En achetant 1 pièce, vous achetez 1 mètre courant de tissu (100 cm x 137 cm).</span></p>
<p><span style="font-size:16px;">Largeur du tissu : 137 cm</span></p>
<p><span style="font-size:16px;">Si vous achetez plusieurs articles, nous ne découpons pas le tissu, nous l'envoyons en un seul morceau.</span></p>
</div>

<p>CUIR ÉCOLOGIQUE ESTAMPÉ BENTLEY Tissu enduit destiné à l'habillage intérieur automobile : revêtement des sièges, des panneaux de porte Tissu de très haute qualité laminé sur une mousse spéciale d'une épaisseur de 4 millimètres. Mousse haute densité, ne se déformant pas. Tissu de type NAPPA à structure lisse. Détails du produit : en achetant 1 pièce, vous achetez 1 mètre courant de tissu (100 cm x 137 cm)...</p>

SKÓRY SYNTETYCZNE WYTŁACZANE
