{"id":1277,"date":"2025-06-12T18:07:34","date_gmt":"2025-06-12T18:07:34","guid":{"rendered":"https:\/\/modeco.mywebwork.net\/produkt\/carbon-black\/"},"modified":"2025-06-15T07:22:17","modified_gmt":"2025-06-15T07:22:17","slug":"noir-de-carbone","status":"publish","type":"product","link":"https:\/\/modeco-sklep.pl\/fr\/carbon-black\/","title":{"rendered":"NOIR DE CARBONE"},"content":{"rendered":"<p><span style=\"font-size:22px;\"><span style=\"line-height:107%\"><span style=\"font-family:\"><span style=\"line-height:107%\">CARBONE 3D <\/span><\/span><\/span><\/span><\/p>\n<p><span style=\"font-size:18px;\"><span style=\"line-height:107%\"><span style=\"font-family:\">Mat\u00e9riau destin\u00e9 \u00e0 de nombreux secteurs, pour une utilisation en ext\u00e9rieur et en int\u00e9rieur.<\/span><\/span><br \/><span style=\"line-height:107%\"><span style=\"font-family:\">Excellente r\u00e9sistance aux taches et \u00e0 la salet\u00e9<\/span><\/span><br \/><span style=\"line-height:107%\"><span style=\"font-family:\">Haute r\u00e9sistance \u00e0 l'abrasion<\/span><\/span><br \/><span style=\"line-height:107%\"><span style=\"font-family:\">100% \u00e9tanche<\/span><\/span><br \/><span style=\"line-height:107%\"><span style=\"font-family:\">R\u00e9sistance \u00e0 la salive, \u00e0 la sueur, au sang, aux huiles solaires, aux d\u00e9sinfectants, au sang, \u00e0 l'urine<\/span><\/span><br \/><span style=\"line-height:107%\"><span style=\"font-family:\">R\u00e9sistance aux basses temp\u00e9ratures (COLD CRACK \u00e0 \u2013 29 \u00b0 C, 4,05J, F5J, FLTM BN 128-01)<\/span><\/span><br \/><span style=\"line-height:107%\"><span style=\"font-family:\">R\u00e9sistance aux rayons UV : DIN EN ISO 105 \u2013 B02, r\u00e9sistance minimale \u00e0 la lumi\u00e8re 4-5<\/span><\/span><br \/><span style=\"line-height:107%\"><span style=\"font-family:\">Largeur du tissu : 137 cm<\/span><\/span><\/span><\/p>\n<p><span style=\"font-size:18px;\"><span style=\"line-height:107%\"><span style=\"font-family:\">Le prix s'entend pour 1 m\u00e8tre courant (137 cm x 100 cm).<\/span><\/span><br \/><span style=\"line-height:107%\"><span style=\"font-family:\">Lorsque vous achetez plusieurs m\u00e8tres, nous envoyons le tissu en un seul morceau, sans le couper.<\/span><\/span><\/span><br \/>\u00a0<\/p>","protected":false},"excerpt":{"rendered":"<p>CARBON 3D Materia\u0142 przeznaczony do wielu sektor\u00f3w, do u\u017cytku zewn\u0119trznego i wewn\u0119trznego.Doskona\u0142a odporno\u015b\u0107 na plamy i zabrudzeniaWysoka odporno\u015b\u0107 na \u015bcieranie100% wodoodpornyOdporno\u015b\u0107 na \u015blin\u0119, pot, krew, olejki do opalania, \u015brodki dezynfekuj\u0105ce, krew, moczOdporno\u015b\u0107 na niskie temperatury ( COLD CRACK at &#8211; 29 \u00b0 C, 4.05J, F5J, FLTM BN 128-01)Odporno\u015b\u0107 na promieniowanie UV: DIN EN ISO 105 [&hellip;]<\/p>\n","protected":false},"featured_media":755,"comment_status":"closed","ping_status":"closed","template":"","meta":{"_acf_changed":false},"product_brand":[17],"product_cat":[70,58],"product_tag":[],"class_list":["post-1277","product","type-product","status-publish","has-post-thumbnail","product_brand-modeco","product_cat-carbon-3d-skory-syntetyczne-vinyle","product_cat-skory-syntetyczne-skaje","first","instock","purchasable","product-type-simple"],"acf":[],"_links":{"self":[{"href":"https:\/\/modeco-sklep.pl\/fr\/wp-json\/wp\/v2\/product\/1277","targetHints":{"allow":["GET"]}}],"collection":[{"href":"https:\/\/modeco-sklep.pl\/fr\/wp-json\/wp\/v2\/product"}],"about":[{"href":"https:\/\/modeco-sklep.pl\/fr\/wp-json\/wp\/v2\/types\/product"}],"replies":[{"embeddable":true,"href":"https:\/\/modeco-sklep.pl\/fr\/wp-json\/wp\/v2\/comments?post=1277"}],"wp:featuredmedia":[{"embeddable":true,"href":"https:\/\/modeco-sklep.pl\/fr\/wp-json\/wp\/v2\/media\/755"}],"wp:attachment":[{"href":"https:\/\/modeco-sklep.pl\/fr\/wp-json\/wp\/v2\/media?parent=1277"}],"wp:term":[{"taxonomy":"product_brand","embeddable":true,"href":"https:\/\/modeco-sklep.pl\/fr\/wp-json\/wp\/v2\/product_brand?post=1277"},{"taxonomy":"product_cat","embeddable":true,"href":"https:\/\/modeco-sklep.pl\/fr\/wp-json\/wp\/v2\/product_cat?post=1277"},{"taxonomy":"product_tag","embeddable":true,"href":"https:\/\/modeco-sklep.pl\/fr\/wp-json\/wp\/v2\/product_tag?post=1277"}],"curies":[{"name":"wp","href":"https:\/\/api.w.org\/{rel}","templated":true}]}}

<p><span style="font-size:22px;"><span style="line-height:107%"><span style="font-family:"><span style="line-height:107%">CARBONE 3D </span></span></span></span></p>
<p><span style="font-size:18px;"><span style="line-height:107%"><span style="font-family:">Matériau destiné à de nombreux secteurs, pour une utilisation en extérieur et en intérieur.</span></span><br /><span style="line-height:107%"><span style="font-family:">Excellente résistance aux taches et à la saleté</span></span><br /><span style="line-height:107%"><span style="font-family:">Haute résistance à l'abrasion</span></span><br /><span style="line-height:107%"><span style="font-family:">100% étanche</span></span><br /><span style="line-height:107%"><span style="font-family:">Résistance à la salive, à la sueur, au sang, aux huiles solaires, aux désinfectants, au sang, à l'urine</span></span><br /><span style="line-height:107%"><span style="font-family:">Résistance aux basses températures (COLD CRACK à – 29 ° C, 4,05J, F5J, FLTM BN 128-01)</span></span><br /><span style="line-height:107%"><span style="font-family:">Résistance aux rayons UV : DIN EN ISO 105 – B02, résistance minimale à la lumière 4-5</span></span><br /><span style="line-height:107%"><span style="font-family:">Largeur du tissu : 137 cm</span></span></span></p>
<p><span style="font-size:18px;"><span style="line-height:107%"><span style="font-family:">Le prix s'entend pour 1 mètre courant (137 cm x 100 cm).</span></span><br /><span style="line-height:107%"><span style="font-family:">Lorsque vous achetez plusieurs mètres, nous envoyons le tissu en un seul morceau, sans le couper.</span></span></span><br /> </p>

<p>CARBON 3D Materiał przeznaczony do wielu sektorów, do użytku zewnętrznego i wewnętrznego.Doskonała odporność na plamy i zabrudzeniaWysoka odporność na ścieranie100% wodoodpornyOdporność na ślinę, pot, krew, olejki do opalania, środki dezynfekujące, krew, moczOdporność na niskie temperatury ( COLD CRACK at &#8211; 29 ° C, 4.05J, F5J, FLTM BN 128-01)Odporność na promieniowanie UV: DIN EN ISO 105 [&hellip;]</p>
