{"id":8025,"date":"2026-05-31T18:50:46","date_gmt":"2026-05-31T16:50:46","guid":{"rendered":"https:\/\/modeco-sklep.pl\/?post_type=product&#038;p=8025"},"modified":"2026-05-31T18:53:35","modified_gmt":"2026-05-31T16:53:35","slug":"ante-premium-diseno-carrera-negro-nada-morado","status":"publish","type":"product","link":"https:\/\/modeco-sklep.pl\/es\/premium-suede-carrera-design-czarna-nic-fioletowa\/","title":{"rendered":"ANTE PREMIUM DISE\u00d1O CARRERA NEGRO \/ HILO MORADO"},"content":{"rendered":"<h4><strong>GAMUCHA PREMIUM<\/strong><\/h4>\n<h4>Tejido laminado destinado a la tapicer\u00eda de autom\u00f3viles.<\/h4>\n<h4>Material para su uso en asientos de autom\u00f3vil, paneles laterales de puertas, paredes y techos para la construcci\u00f3n de furgonetas\/autobuses.<\/h4>\n<h4>\u2705 Material de alta calidad sobre espuma especial de 8 mm de espesor.<br \/>\n\u2705 Espuma de alta densidad - resistente a la deformaci\u00f3n.<br \/>\n\u2705 Exclusivo material SUEDE<br \/>\n\u2705 Pelo corto que cambia de direcci\u00f3n cuando se tira de \u00e9l con la mano.<\/h4>\n<h4><strong>Detalles del producto:<\/strong><\/h4>\n<ul>\n<li>\n<h4>1 unidad = 1 metro lineal de material (100 cm x 150 cm).<\/h4>\n<\/li>\n<li>\n<h4>Ancho: 150 cm.<\/h4>\n<\/li>\n<li>\n<h4>Si compras una cantidad mayor, te enviamos el material en una sola pieza.<\/h4>\n<\/li>\n<\/ul>\n<h3><\/h3>","protected":false},"excerpt":{"rendered":"<p>PREMIUM SUEDE Laminowana tkanina przeznaczona do tapicerki samochodowej Materia\u0142 do zastosowania na fotele samochodowe, boczki drzwiowe, \u015bciany i sufity do zabudowy van\u00f3w\/bus\u00f3w &#x2705; Wysokiej jako\u015bci materia\u0142 na specjalnej piance o grubo\u015bci 8 mm. &#x2705; Pianka o wysokiej g\u0119sto\u015bci \u2013 odporna na odkszta\u0142cenia. &#x2705; Ekskluzywny materia\u0142 typu SUEDE &#x2705; Kr\u00f3tki w\u0142osek, kt\u00f3ry zmienia kierunek po przeci\u0105gni\u0119ciu [&hellip;]<\/p>\n","protected":false},"featured_media":8026,"comment_status":"closed","ping_status":"closed","template":"","meta":{"_acf_changed":false},"product_brand":[17],"product_cat":[104,103],"product_tag":[],"class_list":["post-8025","product","type-product","status-publish","has-post-thumbnail","product_brand-modeco","product_cat-carrera-design","product_cat-supreme-suede-premium","first","instock","purchasable","product-type-simple"],"acf":[],"_links":{"self":[{"href":"https:\/\/modeco-sklep.pl\/es\/wp-json\/wp\/v2\/product\/8025","targetHints":{"allow":["GET"]}}],"collection":[{"href":"https:\/\/modeco-sklep.pl\/es\/wp-json\/wp\/v2\/product"}],"about":[{"href":"https:\/\/modeco-sklep.pl\/es\/wp-json\/wp\/v2\/types\/product"}],"replies":[{"embeddable":true,"href":"https:\/\/modeco-sklep.pl\/es\/wp-json\/wp\/v2\/comments?post=8025"}],"wp:featuredmedia":[{"embeddable":true,"href":"https:\/\/modeco-sklep.pl\/es\/wp-json\/wp\/v2\/media\/8026"}],"wp:attachment":[{"href":"https:\/\/modeco-sklep.pl\/es\/wp-json\/wp\/v2\/media?parent=8025"}],"wp:term":[{"taxonomy":"product_brand","embeddable":true,"href":"https:\/\/modeco-sklep.pl\/es\/wp-json\/wp\/v2\/product_brand?post=8025"},{"taxonomy":"product_cat","embeddable":true,"href":"https:\/\/modeco-sklep.pl\/es\/wp-json\/wp\/v2\/product_cat?post=8025"},{"taxonomy":"product_tag","embeddable":true,"href":"https:\/\/modeco-sklep.pl\/es\/wp-json\/wp\/v2\/product_tag?post=8025"}],"curies":[{"name":"wp","href":"https:\/\/api.w.org\/{rel}","templated":true}]}}

ANTE PREMIUM DISEÑO CARRERA NEGRO / HILO MORADO

<h4><strong>GAMUCHA PREMIUM</strong></h4>
<h4>Tejido laminado destinado a la tapicería de automóviles.</h4>
<h4>Material para su uso en asientos de automóvil, paneles laterales de puertas, paredes y techos para la construcción de furgonetas/autobuses.</h4>
<h4>✅ Material de alta calidad sobre espuma especial de 8 mm de espesor.<br />
✅ Espuma de alta densidad - resistente a la deformación.<br />
✅ Exclusivo material SUEDE<br />
✅ Pelo corto que cambia de dirección cuando se tira de él con la mano.</h4>
<h4><strong>Detalles del producto:</strong></h4>
<ul>
<li>
<h4>1 unidad = 1 metro lineal de material (100 cm x 150 cm).</h4>
</li>
<li>
<h4>Ancho: 150 cm.</h4>
</li>
<li>
<h4>Si compras una cantidad mayor, te enviamos el material en una sola pieza.</h4>
</li>
</ul>
<h3></h3>

<p>PREMIUM SUEDE Laminowana tkanina przeznaczona do tapicerki samochodowej Materiał do zastosowania na fotele samochodowe, boczki drzwiowe, ściany i sufity do zabudowy vanów/busów &#x2705; Wysokiej jakości materiał na specjalnej piance o grubości 8 mm. &#x2705; Pianka o wysokiej gęstości – odporna na odkształcenia. &#x2705; Ekskluzywny materiał typu SUEDE &#x2705; Krótki włosek, który zmienia kierunek po przeciągnięciu [&hellip;]</p>
