{"id":1477,"date":"2025-06-12T18:08:43","date_gmt":"2025-06-12T18:08:43","guid":{"rendered":"https:\/\/modeco.mywebwork.net\/produkt\/tkanina-na-fotel-black-2\/"},"modified":"2025-10-26T19:29:06","modified_gmt":"2025-10-26T18:29:06","slug":"tela-para-sillon-negro-2","status":"publish","type":"product","link":"https:\/\/modeco-sklep.pl\/es\/tkanina-na-fotel-black-2\/","title":{"rendered":"TELA SILL\u00d3N - NEGRO #2"},"content":{"rendered":"<h4>La tela para autom\u00f3viles Cordynant es un material excepcionalmente duradero y est\u00e9tico destinado al tapizado de asientos de autom\u00f3viles. Se caracteriza por su alta resistencia a la abrasi\u00f3n, lo que garantiza una larga vida \u00fatil y un aspecto elegante del interior del veh\u00edculo.<\/h4>\n<h4>El material tiene una estructura densa y una superficie agradable al tacto que garantiza la comodidad de uso. Gracias a su flexibilidad y resistencia, se adapta perfectamente a la forma de los sillones. Adem\u00e1s, la tela es f\u00e1cil de limpiar y resistente a los rayos UV, lo que evita que se decolore.<\/h4>\n<h4>Es ideal tanto para turismos como para furgonetas, ya que garantiza un aspecto est\u00e9tico y una gran comodidad de uso.<\/h4>\n<p>Ancho del material: 160 cm<\/p>\n<p>El precio se refiere a 1 m (160 cm x 100 cm).<\/p>\n<p>&nbsp;<\/p>","protected":false},"excerpt":{"rendered":"<p>Tkanina samochodowa kordynant to wyj\u0105tkowo trwa\u0142y i estetyczny materia\u0142 przeznaczony do tapicerowania foteli samochodowych. Charakteryzuje si\u0119 wysok\u0105 odporno\u015bci\u0105 na \u015bcieranie, co zapewnia d\u0142ug\u0105 \u017cywotno\u015b\u0107 oraz elegancki wygl\u0105d wn\u0119trza pojazdu. Materia\u0142 posiada g\u0119st\u0105 struktur\u0119 i przyjemn\u0105 w dotyku powierzchni\u0119, kt\u00f3ra zapewnia komfort u\u017cytkowania. Dzi\u0119ki swojej elastyczno\u015bci i wytrzyma\u0142o\u015bci doskonale dopasowuje si\u0119 do kszta\u0142t\u00f3w foteli. Dodatkowo tkanina [&hellip;]<\/p>\n","protected":false},"featured_media":1073,"comment_status":"closed","ping_status":"closed","template":"","meta":{"_acf_changed":false},"product_brand":[],"product_cat":[102],"product_tag":[],"class_list":["post-1477","product","type-product","status-publish","has-post-thumbnail","product_cat-tkaniny-koordynaty","first","instock","purchasable","product-type-simple"],"acf":[],"_links":{"self":[{"href":"https:\/\/modeco-sklep.pl\/es\/wp-json\/wp\/v2\/product\/1477","targetHints":{"allow":["GET"]}}],"collection":[{"href":"https:\/\/modeco-sklep.pl\/es\/wp-json\/wp\/v2\/product"}],"about":[{"href":"https:\/\/modeco-sklep.pl\/es\/wp-json\/wp\/v2\/types\/product"}],"replies":[{"embeddable":true,"href":"https:\/\/modeco-sklep.pl\/es\/wp-json\/wp\/v2\/comments?post=1477"}],"wp:featuredmedia":[{"embeddable":true,"href":"https:\/\/modeco-sklep.pl\/es\/wp-json\/wp\/v2\/media\/1073"}],"wp:attachment":[{"href":"https:\/\/modeco-sklep.pl\/es\/wp-json\/wp\/v2\/media?parent=1477"}],"wp:term":[{"taxonomy":"product_brand","embeddable":true,"href":"https:\/\/modeco-sklep.pl\/es\/wp-json\/wp\/v2\/product_brand?post=1477"},{"taxonomy":"product_cat","embeddable":true,"href":"https:\/\/modeco-sklep.pl\/es\/wp-json\/wp\/v2\/product_cat?post=1477"},{"taxonomy":"product_tag","embeddable":true,"href":"https:\/\/modeco-sklep.pl\/es\/wp-json\/wp\/v2\/product_tag?post=1477"}],"curies":[{"name":"wp","href":"https:\/\/api.w.org\/{rel}","templated":true}]}}

TELA SILLÓN - NEGRO #2

<h4>La tela para automóviles Cordynant es un material excepcionalmente duradero y estético destinado al tapizado de asientos de automóviles. Se caracteriza por su alta resistencia a la abrasión, lo que garantiza una larga vida útil y un aspecto elegante del interior del vehículo.</h4>
<h4>El material tiene una estructura densa y una superficie agradable al tacto que garantiza la comodidad de uso. Gracias a su flexibilidad y resistencia, se adapta perfectamente a la forma de los sillones. Además, la tela es fácil de limpiar y resistente a los rayos UV, lo que evita que se decolore.</h4>
<h4>Es ideal tanto para turismos como para furgonetas, ya que garantiza un aspecto estético y una gran comodidad de uso.</h4>
<p>Ancho del material: 160 cm</p>
<p>El precio se refiere a 1 m (160 cm x 100 cm).</p>
<p>&nbsp;</p>

<p>Tkanina samochodowa kordynant to wyjątkowo trwały i estetyczny materiał przeznaczony do tapicerowania foteli samochodowych. Charakteryzuje się wysoką odpornością na ścieranie, co zapewnia długą żywotność oraz elegancki wygląd wnętrza pojazdu. Materiał posiada gęstą strukturę i przyjemną w dotyku powierzchnię, która zapewnia komfort użytkowania. Dzięki swojej elastyczności i wytrzymałości doskonale dopasowuje się do kształtów foteli. Dodatkowo tkanina [&hellip;]</p>
