{"id":1347,"date":"2025-06-12T18:07:53","date_gmt":"2025-06-12T18:07:53","guid":{"rendered":"https:\/\/modeco.mywebwork.net\/produkt\/carbon-graphite\/"},"modified":"2025-06-15T07:20:57","modified_gmt":"2025-06-15T07:20:57","slug":"carbono-grafito","status":"publish","type":"product","link":"https:\/\/modeco-sklep.pl\/es\/carbon-graphite\/","title":{"rendered":"GRAFITO DE CARBONO"},"content":{"rendered":"<p><span style=\"font-size:22px;\"><span style=\"line-height:107%\"><span style=\"font-family:\"><span style=\"line-height:107%\">CARB\u00d3N 3D <\/span><\/span><\/span><\/span><\/p>\n<p><span style=\"font-size:18px;\"><span style=\"line-height:107%\"><span style=\"font-family:\">Material destinado a m\u00faltiples sectores, para uso exterior e interior.<\/span><\/span><br \/><span style=\"line-height:107%\"><span style=\"font-family:\">Excelente resistencia a las manchas y la suciedad.<\/span><\/span><br \/><span style=\"line-height:107%\"><span style=\"font-family:\">Alta resistencia a la abrasi\u00f3n<\/span><\/span><br \/><span style=\"line-height:107%\"><span style=\"font-family:\">100% resistente al agua<\/span><\/span><br \/><span style=\"line-height:107%\"><span style=\"font-family:\">Resistente a la saliva, el sudor, la sangre, los aceites solares, los desinfectantes, la sangre y la orina.<\/span><\/span><br \/><span style=\"line-height:107%\"><span style=\"font-family:\">Resistencia a bajas temperaturas (COLD CRACK a \u2013 29 \u00b0 C, 4,05 J, F5J, FLTM BN 128-01)<\/span><\/span><br \/><span style=\"line-height:107%\"><span style=\"font-family:\">Resistencia a la radiaci\u00f3n UV: DIN EN ISO 105 \u2013 B02, resistencia m\u00ednima a la luz 4-5<\/span><\/span><br \/><span style=\"line-height:107%\"><span style=\"font-family:\">Ancho del material: 137 cm<\/span><\/span><\/span><\/p>\n<p><span style=\"font-size:18px;\"><span style=\"line-height:107%\"><span style=\"font-family:\">El precio se refiere a 1 metro lineal (137 cm x 100 cm).<\/span><\/span><br \/><span style=\"line-height:107%\"><span style=\"font-family:\">Si compras varios metros, te enviamos el material entero, sin cortar.<\/span><\/span><\/span><br \/>\u00a0<\/p>","protected":false},"excerpt":{"rendered":"<p>CARBON 3D Materia\u0142 przeznaczony do wielu sektor\u00f3w, do u\u017cytku zewn\u0119trznego i wewn\u0119trznego.Doskona\u0142a odporno\u015b\u0107 na plamy i zabrudzeniaWysoka odporno\u015b\u0107 na \u015bcieranie100% wodoodpornyOdporno\u015b\u0107 na \u015blin\u0119, pot, krew, olejki do opalania, \u015brodki dezynfekuj\u0105ce, krew, moczOdporno\u015b\u0107 na niskie temperatury ( COLD CRACK at &#8211; 29 \u00b0 C, 4.05J, F5J, FLTM BN 128-01)Odporno\u015b\u0107 na promieniowanie UV: DIN EN ISO 105 [&hellip;]<\/p>\n","protected":false},"featured_media":873,"comment_status":"closed","ping_status":"closed","template":"","meta":{"_acf_changed":false},"product_brand":[17],"product_cat":[70,58],"product_tag":[],"class_list":["post-1347","product","type-product","status-publish","has-post-thumbnail","product_brand-modeco","product_cat-carbon-3d-skory-syntetyczne-vinyle","product_cat-skory-syntetyczne-skaje","first","instock","purchasable","product-type-simple"],"acf":[],"_links":{"self":[{"href":"https:\/\/modeco-sklep.pl\/es\/wp-json\/wp\/v2\/product\/1347","targetHints":{"allow":["GET"]}}],"collection":[{"href":"https:\/\/modeco-sklep.pl\/es\/wp-json\/wp\/v2\/product"}],"about":[{"href":"https:\/\/modeco-sklep.pl\/es\/wp-json\/wp\/v2\/types\/product"}],"replies":[{"embeddable":true,"href":"https:\/\/modeco-sklep.pl\/es\/wp-json\/wp\/v2\/comments?post=1347"}],"wp:featuredmedia":[{"embeddable":true,"href":"https:\/\/modeco-sklep.pl\/es\/wp-json\/wp\/v2\/media\/873"}],"wp:attachment":[{"href":"https:\/\/modeco-sklep.pl\/es\/wp-json\/wp\/v2\/media?parent=1347"}],"wp:term":[{"taxonomy":"product_brand","embeddable":true,"href":"https:\/\/modeco-sklep.pl\/es\/wp-json\/wp\/v2\/product_brand?post=1347"},{"taxonomy":"product_cat","embeddable":true,"href":"https:\/\/modeco-sklep.pl\/es\/wp-json\/wp\/v2\/product_cat?post=1347"},{"taxonomy":"product_tag","embeddable":true,"href":"https:\/\/modeco-sklep.pl\/es\/wp-json\/wp\/v2\/product_tag?post=1347"}],"curies":[{"name":"wp","href":"https:\/\/api.w.org\/{rel}","templated":true}]}}

<p><span style="font-size:22px;"><span style="line-height:107%"><span style="font-family:"><span style="line-height:107%">CARBÓN 3D </span></span></span></span></p>
<p><span style="font-size:18px;"><span style="line-height:107%"><span style="font-family:">Material destinado a múltiples sectores, para uso exterior e interior.</span></span><br /><span style="line-height:107%"><span style="font-family:">Excelente resistencia a las manchas y la suciedad.</span></span><br /><span style="line-height:107%"><span style="font-family:">Alta resistencia a la abrasión</span></span><br /><span style="line-height:107%"><span style="font-family:">100% resistente al agua</span></span><br /><span style="line-height:107%"><span style="font-family:">Resistente a la saliva, el sudor, la sangre, los aceites solares, los desinfectantes, la sangre y la orina.</span></span><br /><span style="line-height:107%"><span style="font-family:">Resistencia a bajas temperaturas (COLD CRACK a – 29 ° C, 4,05 J, F5J, FLTM BN 128-01)</span></span><br /><span style="line-height:107%"><span style="font-family:">Resistencia a la radiación UV: DIN EN ISO 105 – B02, resistencia mínima a la luz 4-5</span></span><br /><span style="line-height:107%"><span style="font-family:">Ancho del material: 137 cm</span></span></span></p>
<p><span style="font-size:18px;"><span style="line-height:107%"><span style="font-family:">El precio se refiere a 1 metro lineal (137 cm x 100 cm).</span></span><br /><span style="line-height:107%"><span style="font-family:">Si compras varios metros, te enviamos el material entero, sin cortar.</span></span></span><br /> </p>

<p>CARBON 3D Materiał przeznaczony do wielu sektorów, do użytku zewnętrznego i wewnętrznego.Doskonała odporność na plamy i zabrudzeniaWysoka odporność na ścieranie100% wodoodpornyOdporność na ślinę, pot, krew, olejki do opalania, środki dezynfekujące, krew, moczOdporność na niskie temperatury ( COLD CRACK at &#8211; 29 ° C, 4.05J, F5J, FLTM BN 128-01)Odporność na promieniowanie UV: DIN EN ISO 105 [&hellip;]</p>
