{"id":1319,"date":"2025-06-12T18:07:46","date_gmt":"2025-06-12T18:07:46","guid":{"rendered":"https:\/\/modeco.mywebwork.net\/produkt\/podsufitka-slim-9k522-audi-s-line-2001-czarny-antracytowy\/"},"modified":"2026-01-18T21:53:24","modified_gmt":"2026-01-18T20:53:24","slug":"techo-interior-slim-9k522-audi-s-line-2001-negro-antracita","status":"publish","type":"product","link":"https:\/\/modeco-sklep.pl\/es\/podsufitka-slim-9k522-audi-s-line-2001-czarny-antracytowy\/","title":{"rendered":"SLIM 9K522 AUDI S-LINE 2001-&gt; NEGRO ANTRACITA"},"content":{"rendered":"<h2><span style=\"font-size: 11pt;\"><span style=\"line-height: normal;\"><b><span style=\"font-size: 12.0pt;\"><span style=\"color: #444444;\">TEJIDO DE AUTOMOCI\u00d3N PARA PILARES \/ CUBIERTAS DE TECHO SOLAR<\/span><\/span><\/b><\/span><\/span><\/h2>\n<p><span style=\"font-size: 11pt;\"><span style=\"line-height: normal;\"><span style=\"font-size: 12.0pt;\"><span style=\"color: #444444;\">Nuestros tejidos para revestimientos de techo proceden de las mayores f\u00e1bricas europeas de materiales para automoci\u00f3n.<\/span><\/span><\/span><\/span><\/p>\n<p>Tela dedicada a: AUDI S-LINE 2001-&gt;<br \/>\nColor: Negro antracita<\/p>\n<p><span style=\"font-size: 11pt;\"><span style=\"line-height: normal;\"><span style=\"font-size: 12.0pt;\"><span style=\"color: #444444;\">Los materiales son de muy buena calidad (OEM - primer grado)<\/span><\/span><\/span><\/span><br \/>\n<span style=\"font-size: 11pt;\"><span style=\"line-height: normal;\"><span style=\"font-size: 12.0pt;\"><span style=\"color: #444444;\">Materiales laminados sobre un soporte especial de 1,5 mm de grosor.<\/span><\/span><\/span><\/span><br \/>\n<span style=\"font-size: 11pt;\"><span style=\"line-height: normal;\"><span style=\"font-size: 12.0pt;\"><span style=\"color: #444444;\">Los materiales son flexibles y f\u00e1ciles de trabajar<\/span><\/span><\/span><\/span><br \/>\n<span style=\"font-size: 11pt;\"><span style=\"line-height: normal;\"><span style=\"font-size: 12.0pt;\"><span style=\"color: #444444;\">Ancho del tejido: 150 cm<\/span><\/span><\/span><\/span><\/p>\n<p><span style=\"font-size: 11pt;\"><span style=\"line-height: normal;\"><span style=\"font-size: 12.0pt;\"><span style=\"color: #444444;\">El precio es por 1 metro lineal ( 100 x 150cm)<\/span><\/span><\/span><\/span><br \/>\n<span style=\"font-size: 11pt;\"><span style=\"line-height: normal;\"><span style=\"font-size: 12.0pt;\"><span style=\"color: #444444;\">Al comprar varios metros, intentamos enviar el material en una sola pieza.<\/span><\/span><\/span><\/span><\/p>\n<p><span style=\"font-size: 11pt;\"><span style=\"line-height: normal;\"><span style=\"font-size: 12.0pt;\"><span style=\"color: #444444;\">Adhesivo especial, resistente a altas temperaturas, disponible en nuestra tienda<\/span><\/span><\/span><\/span><\/p>\n<p style=\"color: #444444; box-sizing: border-box; background-color: transparent;\">","protected":false},"excerpt":{"rendered":"<p>TKANINA SAMOCHODOWA NA S\u0141UPKI \/ PRZES\u0141ONY SZYBERDACHU Tkaniny na podsufitki samochodowe przez nas oferowane pochodz\u0105 z najwi\u0119kszych europejskich fabryk produkuj\u0105cych materia\u0142y dla koncern\u00f3w samochodowych Tkanina dedykowana do: AUDI S-LINE 2001-&gt; Kolor: Czarny antracytowy Materia\u0142y charakteryzuj\u0105 si\u0119 bardzo dobr\u0105 jako\u015bci\u0105 (OEM \u2013 pierwszy gatunek) Materia\u0142y laminowana na specjalnym podk\u0142adzie o grubo\u015bci 1,5mm Materia\u0142y s\u0105 elastyczne i [&hellip;]<\/p>\n","protected":false},"featured_media":682,"comment_status":"closed","ping_status":"closed","template":"","meta":{"_acf_changed":false},"product_brand":[17],"product_cat":[77,18],"product_tag":[],"class_list":["post-1319","product","type-product","status-publish","has-post-thumbnail","product_brand-modeco","product_cat-tkaniny-bez-pianki-na-slupki","product_cat-tkaniny-na-podsufitki-samochodowe","first","instock","purchasable","product-type-simple"],"acf":[],"_links":{"self":[{"href":"https:\/\/modeco-sklep.pl\/es\/wp-json\/wp\/v2\/product\/1319","targetHints":{"allow":["GET"]}}],"collection":[{"href":"https:\/\/modeco-sklep.pl\/es\/wp-json\/wp\/v2\/product"}],"about":[{"href":"https:\/\/modeco-sklep.pl\/es\/wp-json\/wp\/v2\/types\/product"}],"replies":[{"embeddable":true,"href":"https:\/\/modeco-sklep.pl\/es\/wp-json\/wp\/v2\/comments?post=1319"}],"wp:featuredmedia":[{"embeddable":true,"href":"https:\/\/modeco-sklep.pl\/es\/wp-json\/wp\/v2\/media\/682"}],"wp:attachment":[{"href":"https:\/\/modeco-sklep.pl\/es\/wp-json\/wp\/v2\/media?parent=1319"}],"wp:term":[{"taxonomy":"product_brand","embeddable":true,"href":"https:\/\/modeco-sklep.pl\/es\/wp-json\/wp\/v2\/product_brand?post=1319"},{"taxonomy":"product_cat","embeddable":true,"href":"https:\/\/modeco-sklep.pl\/es\/wp-json\/wp\/v2\/product_cat?post=1319"},{"taxonomy":"product_tag","embeddable":true,"href":"https:\/\/modeco-sklep.pl\/es\/wp-json\/wp\/v2\/product_tag?post=1319"}],"curies":[{"name":"wp","href":"https:\/\/api.w.org\/{rel}","templated":true}]}}

<h2><span style="font-size: 11pt;"><span style="line-height: normal;"><b><span style="font-size: 12.0pt;"><span style="color: #444444;">TEJIDO DE AUTOMOCIÓN PARA PILARES / CUBIERTAS DE TECHO SOLAR</span></span></b></span></span></h2>
<p><span style="font-size: 11pt;"><span style="line-height: normal;"><span style="font-size: 12.0pt;"><span style="color: #444444;">Nuestros tejidos para revestimientos de techo proceden de las mayores fábricas europeas de materiales para automoción.</span></span></span></span></p>
<p>Tela dedicada a: AUDI S-LINE 2001-&gt;<br />
Color: Negro antracita</p>
<p><span style="font-size: 11pt;"><span style="line-height: normal;"><span style="font-size: 12.0pt;"><span style="color: #444444;">Los materiales son de muy buena calidad (OEM - primer grado)</span></span></span></span><br />
<span style="font-size: 11pt;"><span style="line-height: normal;"><span style="font-size: 12.0pt;"><span style="color: #444444;">Materiales laminados sobre un soporte especial de 1,5 mm de grosor.</span></span></span></span><br />
<span style="font-size: 11pt;"><span style="line-height: normal;"><span style="font-size: 12.0pt;"><span style="color: #444444;">Los materiales son flexibles y fáciles de trabajar</span></span></span></span><br />
<span style="font-size: 11pt;"><span style="line-height: normal;"><span style="font-size: 12.0pt;"><span style="color: #444444;">Ancho del tejido: 150 cm</span></span></span></span></p>
<p><span style="font-size: 11pt;"><span style="line-height: normal;"><span style="font-size: 12.0pt;"><span style="color: #444444;">El precio es por 1 metro lineal ( 100 x 150cm)</span></span></span></span><br />
<span style="font-size: 11pt;"><span style="line-height: normal;"><span style="font-size: 12.0pt;"><span style="color: #444444;">Al comprar varios metros, intentamos enviar el material en una sola pieza.</span></span></span></span></p>
<p><span style="font-size: 11pt;"><span style="line-height: normal;"><span style="font-size: 12.0pt;"><span style="color: #444444;">Adhesivo especial, resistente a altas temperaturas, disponible en nuestra tienda</span></span></span></span></p>
<p style="color: #444444; box-sizing: border-box; background-color: transparent;">

<p>TKANINA SAMOCHODOWA NA SŁUPKI / PRZESŁONY SZYBERDACHU Tkaniny na podsufitki samochodowe przez nas oferowane pochodzą z największych europejskich fabryk produkujących materiały dla koncernów samochodowych Tkanina dedykowana do: AUDI S-LINE 2001-&gt; Kolor: Czarny antracytowy Materiały charakteryzują się bardzo dobrą jakością (OEM – pierwszy gatunek) Materiały laminowana na specjalnym podkładzie o grubości 1,5mm Materiały są elastyczne i [&hellip;]</p>
