{"id":1131,"date":"2025-06-12T18:06:20","date_gmt":"2025-06-12T18:06:20","guid":{"rendered":"https:\/\/modeco.mywebwork.net\/produkt\/podsufitka-suede-carmel\/"},"modified":"2026-07-20T23:07:17","modified_gmt":"2026-07-20T21:07:17","slug":"techo-interior-de-ante-carmel","status":"publish","type":"product","link":"https:\/\/modeco-sklep.pl\/es\/podsufitka-suede-carmel\/","title":{"rendered":"HEADLINER SUPREME SUEDE - CARMEL"},"content":{"rendered":"<h4><strong>Tejido para el techo interior del coche \u2013 PODSUFITKA SUPREME SUEDE<\/strong><\/h4>\n<h4>Material especial SUEDE<br \/>\nTiene cerdas cortas y suaves que cambian de direcci\u00f3n al arrastrarlas con la mano. Es flexible, se adapta perfectamente a la forma del techo y la esponja laminada (4 mm) no absorbe el pegamento.<\/h4>\n<h4>\u2705 <strong>Flexible y f\u00e1cil de instalar<\/strong><br \/>\n\u2705 <strong>Esponja laminada - 4 mm<\/strong><br \/>\n\u2705 <strong>Ancho del tejido: 150 cm<\/strong><\/h4>\n<h2 style=\"color: #444444; display: block; box-sizing: border-box; background-color: transparent;\"><span style=\"font-size: 11pt;\"><span style=\"line-height: normal;\"><span style=\"font-size: 12.0pt;\"><span style=\"color: #444444;\">El precio es por 1 metro lineal ( 100 x 150cm)<\/span><\/span><\/span><\/span><br \/>\n<span style=\"font-size: 11pt;\"><span style=\"line-height: normal;\"><span style=\"font-size: 12.0pt;\"><span style=\"color: #444444;\">Al comprar varios metros, intentamos enviar el material en una sola pieza.<\/span><\/span><\/span><\/span><\/h2>\n<p>&nbsp;<\/p>\n<p>&nbsp;<\/p>\n<p style=\"color: #444444; box-sizing: border-box; background-color: transparent;\">","protected":false},"excerpt":{"rendered":"<p>Tkanina samochodowa na podsufitk\u0119 \u2013 PODSUFITKA SUPREME SUEDE Specjalny materia\u0142 SUEDE Posiada kr\u00f3tki, mi\u0119kki w\u0142os, kt\u00f3ry zmienia kierunek po przeci\u0105gni\u0119ciu d\u0142oni\u0105,. Jest elastyczny, doskonale dopasowuje si\u0119 do kszta\u0142tu podsufitki, a laminowana g\u0105bka (4 mm) nie wch\u0142ania kleju. &#x2705; Elastyczna i \u0142atwa w monta\u017cu &#x2705; Laminowana g\u0105bka \u2013 4 mm &#x2705; Szeroko\u015b\u0107 materia\u0142u: 150 cm Cena [&hellip;]<\/p>\n","protected":false},"featured_media":7130,"comment_status":"closed","ping_status":"closed","template":"","meta":{"_acf_changed":false},"product_brand":[17],"product_cat":[158,20,116],"product_tag":[],"class_list":["post-1131","product","type-product","status-publish","has-post-thumbnail","product_brand-modeco","product_cat-supreme-suede-stretch-tkaniny-na-podsufitki-samochodowe","product_cat-supreme-suede-na-podsufitki","product_cat-material-na-podsufitke","first","instock","purchasable","product-type-simple"],"acf":[],"_links":{"self":[{"href":"https:\/\/modeco-sklep.pl\/es\/wp-json\/wp\/v2\/product\/1131","targetHints":{"allow":["GET"]}}],"collection":[{"href":"https:\/\/modeco-sklep.pl\/es\/wp-json\/wp\/v2\/product"}],"about":[{"href":"https:\/\/modeco-sklep.pl\/es\/wp-json\/wp\/v2\/types\/product"}],"replies":[{"embeddable":true,"href":"https:\/\/modeco-sklep.pl\/es\/wp-json\/wp\/v2\/comments?post=1131"}],"wp:featuredmedia":[{"embeddable":true,"href":"https:\/\/modeco-sklep.pl\/es\/wp-json\/wp\/v2\/media\/7130"}],"wp:attachment":[{"href":"https:\/\/modeco-sklep.pl\/es\/wp-json\/wp\/v2\/media?parent=1131"}],"wp:term":[{"taxonomy":"product_brand","embeddable":true,"href":"https:\/\/modeco-sklep.pl\/es\/wp-json\/wp\/v2\/product_brand?post=1131"},{"taxonomy":"product_cat","embeddable":true,"href":"https:\/\/modeco-sklep.pl\/es\/wp-json\/wp\/v2\/product_cat?post=1131"},{"taxonomy":"product_tag","embeddable":true,"href":"https:\/\/modeco-sklep.pl\/es\/wp-json\/wp\/v2\/product_tag?post=1131"}],"curies":[{"name":"wp","href":"https:\/\/api.w.org\/{rel}","templated":true}]}}

<h4><strong>Tejido para el techo interior del coche – PODSUFITKA SUPREME SUEDE</strong></h4>
<h4>Material especial SUEDE<br />
Tiene cerdas cortas y suaves que cambian de dirección al arrastrarlas con la mano. Es flexible, se adapta perfectamente a la forma del techo y la esponja laminada (4 mm) no absorbe el pegamento.</h4>
<h4>✅ <strong>Flexible y fácil de instalar</strong><br />
✅ <strong>Esponja laminada - 4 mm</strong><br />
✅ <strong>Ancho del tejido: 150 cm</strong></h4>
<h2 style="color: #444444; display: block; box-sizing: border-box; background-color: transparent;"><span style="font-size: 11pt;"><span style="line-height: normal;"><span style="font-size: 12.0pt;"><span style="color: #444444;">El precio es por 1 metro lineal ( 100 x 150cm)</span></span></span></span><br />
<span style="font-size: 11pt;"><span style="line-height: normal;"><span style="font-size: 12.0pt;"><span style="color: #444444;">Al comprar varios metros, intentamos enviar el material en una sola pieza.</span></span></span></span></h2>
<p>&nbsp;</p>
<p>&nbsp;</p>
<p style="color: #444444; box-sizing: border-box; background-color: transparent;">

<p>Tkanina samochodowa na podsufitkę – PODSUFITKA SUPREME SUEDE Specjalny materiał SUEDE Posiada krótki, miękki włos, który zmienia kierunek po przeciągnięciu dłonią,. Jest elastyczny, doskonale dopasowuje się do kształtu podsufitki, a laminowana gąbka (4 mm) nie wchłania kleju. &#x2705; Elastyczna i łatwa w montażu &#x2705; Laminowana gąbka – 4 mm &#x2705; Szerokość materiału: 150 cm Cena [&hellip;]</p>
