{"id":8329,"date":"2026-07-20T21:43:18","date_gmt":"2026-07-20T19:43:18","guid":{"rendered":"https:\/\/modeco-sklep.pl\/?post_type=product&#038;p=8329"},"modified":"2026-08-29T22:19:19","modified_gmt":"2026-08-29T20:19:19","slug":"supreme-suede-black-headliner","status":"publish","type":"product","link":"https:\/\/modeco-sklep.pl\/en\/podsufitka-supreme-suede-black\/","title":{"rendered":"HEADLINER SUPREME SUEDE - BLACK"},"content":{"rendered":"<h4><strong>Car headliner fabric - SUPREME SUEDE headliner<\/strong><\/h4>\n<h4>Special SUEDE material<br \/>\nIt has short, soft bristles that change direction when dragged with the hand,. It is flexible, adapts perfectly to the shape of the headliner and the laminated sponge (4 mm) does not absorb glue.<\/h4>\n<h4>\u2705 <strong>Flexible and easy to install<\/strong><br \/>\n\u2705 <strong>Laminated sponge - 4 mm<\/strong><br \/>\n\u2705 <strong>Fabric width: 150 cm<\/strong><\/h4>\n<h2>The price is for 1 running metre ( 100 x 150cm)<br \/>\nWhen purchasing several metres, we try to send the material in one piece.<\/h2>\n<p>&nbsp;<\/p>\n<p><strong>A note regarding colours:<\/strong> We do our utmost to ensure that the photographs shown reflect the actual appearance of the fabrics as faithfully as possible. However, please bear in mind that the colour shades displayed on your screen may differ from the actual colours \u2014 this depends, amongst other things, on your monitor or mobile phone settings, screen brightness and lighting conditions. If in doubt, we recommend ordering a fabric sample before making a purchase.<\/p>\n<p>&nbsp;<\/p>","protected":false},"excerpt":{"rendered":"<p>Tkanina samochodowa na podsufitk\u0119 \u2013 PODSUFITKA SUPREME SUEDE Specjalny materia\u0142 SUEDE Posiada kr\u00f3tki, mi\u0119kki w\u0142os, kt\u00f3ry zmienia kierunek po przeci\u0105gni\u0119ciu d\u0142oni\u0105,. Jest elastyczny, doskonale dopasowuje si\u0119 do kszta\u0142tu podsufitki, a laminowana g\u0105bka (4 mm) nie wch\u0142ania kleju. &#x2705; Elastyczna i \u0142atwa w monta\u017cu &#x2705; Laminowana g\u0105bka \u2013 4 mm &#x2705; Szeroko\u015b\u0107 materia\u0142u: 150 cm Cena [&hellip;]<\/p>\n","protected":false},"featured_media":8522,"comment_status":"closed","ping_status":"closed","template":"","meta":{"_acf_changed":false},"product_brand":[17],"product_cat":[20,116,110],"product_tag":[],"class_list":["post-8329","product","type-product","status-publish","has-post-thumbnail","product_brand-modeco","product_cat-supreme-suede-na-podsufitki","product_cat-material-na-podsufitke","product_cat-supreme-suede-stretch","first","instock","purchasable","product-type-simple"],"acf":[],"_links":{"self":[{"href":"https:\/\/modeco-sklep.pl\/en\/wp-json\/wp\/v2\/product\/8329","targetHints":{"allow":["GET"]}}],"collection":[{"href":"https:\/\/modeco-sklep.pl\/en\/wp-json\/wp\/v2\/product"}],"about":[{"href":"https:\/\/modeco-sklep.pl\/en\/wp-json\/wp\/v2\/types\/product"}],"replies":[{"embeddable":true,"href":"https:\/\/modeco-sklep.pl\/en\/wp-json\/wp\/v2\/comments?post=8329"}],"wp:featuredmedia":[{"embeddable":true,"href":"https:\/\/modeco-sklep.pl\/en\/wp-json\/wp\/v2\/media\/8522"}],"wp:attachment":[{"href":"https:\/\/modeco-sklep.pl\/en\/wp-json\/wp\/v2\/media?parent=8329"}],"wp:term":[{"taxonomy":"product_brand","embeddable":true,"href":"https:\/\/modeco-sklep.pl\/en\/wp-json\/wp\/v2\/product_brand?post=8329"},{"taxonomy":"product_cat","embeddable":true,"href":"https:\/\/modeco-sklep.pl\/en\/wp-json\/wp\/v2\/product_cat?post=8329"},{"taxonomy":"product_tag","embeddable":true,"href":"https:\/\/modeco-sklep.pl\/en\/wp-json\/wp\/v2\/product_tag?post=8329"}],"curies":[{"name":"wp","href":"https:\/\/api.w.org\/{rel}","templated":true}]}}

<p>Tkanina samochodowa na podsufitkę – PODSUFITKA SUPREME SUEDE Specjalny materiał SUEDE Posiada krótki, miękki włos, który zmienia kierunek po przeciągnięciu dłonią,. Jest elastyczny, doskonale dopasowuje się do kształtu podsufitki, a laminowana gąbka (4 mm) nie wchłania kleju. &#x2705; Elastyczna i łatwa w montażu &#x2705; Laminowana gąbka – 4 mm &#x2705; Szerokość materiału: 150 cm Cena [&hellip;]</p>
