{"id":8025,"date":"2026-05-31T18:50:46","date_gmt":"2026-05-31T16:50:46","guid":{"rendered":"https:\/\/modeco-sklep.pl\/?post_type=product&#038;p=8025"},"modified":"2026-05-31T18:53:35","modified_gmt":"2026-05-31T16:53:35","slug":"premium-wildleder-carrera-design-schwarz-nichts-lila","status":"publish","type":"product","link":"https:\/\/modeco-sklep.pl\/de\/premium-suede-carrera-design-czarna-nic-fioletowa\/","title":{"rendered":"PREMIUM-VELOURSLEDER IM CARRERA-DESIGN SCHWARZ\/LILA FADEN"},"content":{"rendered":"<h4><strong>PREMIUM-WILDLEDER<\/strong><\/h4>\n<h4>Laminiertes Gewebe f\u00fcr Autopolster<\/h4>\n<h4>Material f\u00fcr Autositze, T\u00fcrverkleidungen, W\u00e4nde und Decken f\u00fcr den Ausbau von Transportern\/Bussen<\/h4>\n<h4>\u2705 Hochwertiges Material auf 8 mm dickem Spezialschaum.<br \/>\n\u2705 Schaumstoff mit hoher Dichte - verformungsbest\u00e4ndig.<br \/>\n\u2705 Exklusives SUEDE-Material<br \/>\n\u2705 Kurzes Haar, das die Richtung \u00e4ndert, wenn man mit der Hand daran zieht<\/h4>\n<h4><strong>Produktdetails:<\/strong><\/h4>\n<ul>\n<li>\n<h4>1 St\u00fcck = 1 Laufmeter Stoff (100 cm x 150 cm).<\/h4>\n<\/li>\n<li>\n<h4>Breite: 150 cm.<\/h4>\n<\/li>\n<li>\n<h4>Bei gr\u00f6\u00dferen Bestellungen versenden wir das Material in einem St\u00fcck.<\/h4>\n<\/li>\n<\/ul>\n<h3><\/h3>","protected":false},"excerpt":{"rendered":"<p>PREMIUM SUEDE Laminowana tkanina przeznaczona do tapicerki samochodowej Materia\u0142 do zastosowania na fotele samochodowe, boczki drzwiowe, \u015bciany i sufity do zabudowy van\u00f3w\/bus\u00f3w &#x2705; Wysokiej jako\u015bci materia\u0142 na specjalnej piance o grubo\u015bci 8 mm. &#x2705; Pianka o wysokiej g\u0119sto\u015bci \u2013 odporna na odkszta\u0142cenia. &#x2705; Ekskluzywny materia\u0142 typu SUEDE &#x2705; Kr\u00f3tki w\u0142osek, kt\u00f3ry zmienia kierunek po przeci\u0105gni\u0119ciu [&hellip;]<\/p>\n","protected":false},"featured_media":8026,"comment_status":"closed","ping_status":"closed","template":"","meta":{"_acf_changed":false},"product_brand":[17],"product_cat":[104,103],"product_tag":[],"class_list":["post-8025","product","type-product","status-publish","has-post-thumbnail","product_brand-modeco","product_cat-carrera-design","product_cat-supreme-suede-premium","first","instock","purchasable","product-type-simple"],"acf":[],"_links":{"self":[{"href":"https:\/\/modeco-sklep.pl\/de\/wp-json\/wp\/v2\/product\/8025","targetHints":{"allow":["GET"]}}],"collection":[{"href":"https:\/\/modeco-sklep.pl\/de\/wp-json\/wp\/v2\/product"}],"about":[{"href":"https:\/\/modeco-sklep.pl\/de\/wp-json\/wp\/v2\/types\/product"}],"replies":[{"embeddable":true,"href":"https:\/\/modeco-sklep.pl\/de\/wp-json\/wp\/v2\/comments?post=8025"}],"wp:featuredmedia":[{"embeddable":true,"href":"https:\/\/modeco-sklep.pl\/de\/wp-json\/wp\/v2\/media\/8026"}],"wp:attachment":[{"href":"https:\/\/modeco-sklep.pl\/de\/wp-json\/wp\/v2\/media?parent=8025"}],"wp:term":[{"taxonomy":"product_brand","embeddable":true,"href":"https:\/\/modeco-sklep.pl\/de\/wp-json\/wp\/v2\/product_brand?post=8025"},{"taxonomy":"product_cat","embeddable":true,"href":"https:\/\/modeco-sklep.pl\/de\/wp-json\/wp\/v2\/product_cat?post=8025"},{"taxonomy":"product_tag","embeddable":true,"href":"https:\/\/modeco-sklep.pl\/de\/wp-json\/wp\/v2\/product_tag?post=8025"}],"curies":[{"name":"wp","href":"https:\/\/api.w.org\/{rel}","templated":true}]}}

<h4><strong>PREMIUM-WILDLEDER</strong></h4>
<h4>Laminiertes Gewebe für Autopolster</h4>
<h4>Material für Autositze, Türverkleidungen, Wände und Decken für den Ausbau von Transportern/Bussen</h4>
<h4>✅ Hochwertiges Material auf 8 mm dickem Spezialschaum.<br />
✅ Schaumstoff mit hoher Dichte - verformungsbeständig.<br />
✅ Exklusives SUEDE-Material<br />
✅ Kurzes Haar, das die Richtung ändert, wenn man mit der Hand daran zieht</h4>
<h4><strong>Produktdetails:</strong></h4>
<ul>
<li>
<h4>1 Stück = 1 Laufmeter Stoff (100 cm x 150 cm).</h4>
</li>
<li>
<h4>Breite: 150 cm.</h4>
</li>
<li>
<h4>Bei größeren Bestellungen versenden wir das Material in einem Stück.</h4>
</li>
</ul>
<h3></h3>

<p>PREMIUM SUEDE Laminowana tkanina przeznaczona do tapicerki samochodowej Materiał do zastosowania na fotele samochodowe, boczki drzwiowe, ściany i sufity do zabudowy vanów/busów &#x2705; Wysokiej jakości materiał na specjalnej piance o grubości 8 mm. &#x2705; Pianka o wysokiej gęstości – odporna na odkształcenia. &#x2705; Ekskluzywny materiał typu SUEDE &#x2705; Krótki włosek, który zmienia kierunek po przeciągnięciu [&hellip;]</p>
