{"id":1255,"date":"2025-06-12T18:07:24","date_gmt":"2025-06-12T18:07:24","guid":{"rendered":"https:\/\/modeco.mywebwork.net\/produkt\/softex-avon-200-cm-czarny\/"},"modified":"2025-07-22T22:39:04","modified_gmt":"2025-07-22T20:39:04","slug":"softex-avon-200-cm-schwarz","status":"publish","type":"product","link":"https:\/\/modeco-sklep.pl\/de\/softex-avon-200-cm-czarny\/","title":{"rendered":"SELBSTKLEBENDES AVON (200 CM) \u2013 SCHWARZ"},"content":{"rendered":"<p>SELBSTKLEBENDE AUTOTEPPICHBESCHICHTUNG F\u00dcR DECKE UND SEITEN<\/p>\n<p>Der Bodenbelag SOFTEX AVON wurde f\u00fcr die Verkleidung des Innenraums von Wohnmobilen, Vans, Bussen und Bootskabinen entwickelt und eignet sich ideal f\u00fcr den Umbau von Bussen zu Wohnmobilen.<\/p>\n<p>Die Beschichtung ist selbstklebend und verf\u00fcgt \u00fcber eine Klebeschicht unter der Schutzschicht. Die Beschichtung kann auf Metall-, Holz- und anderen Untergr\u00fcnden angebracht werden.<\/p>\n<p>Es ist elastisch, l\u00e4sst sich gut an Sicken und Radk\u00e4sten formen und leicht dehnen.<\/p>\n<p>Originalauskleidung, die von Herstellern von Wohnmobilen und Reisebussen verwendet wird, ideal f\u00fcr den Ausbau von Kleinbussen.<\/p>\n<p>Der Bodenbelag ist zertifiziert und kann in \u00f6ffentlichen Verkehrsmitteln verwendet werden.<\/p>\n<p>&nbsp;<\/p>\n<p>Produktdetails:<\/p>\n<p>Breite des Bodenbelags: 200 cm<br \/>\nDicke der Auskleidung: 4,8 mm<\/p>\n<p>Der Preis gilt f\u00fcr 1 Laufmeter Bodenbelag (100 cm x 200 cm).<\/p>","protected":false},"excerpt":{"rendered":"<p>SELBSTKLEBENDE AUTOFUTTERAUSKLEIDUNG F\u00dcR DECKE UND SEITEN Die SOFTEX AVON-Futterauskleidung wurde f\u00fcr die Innenauskleidung von Wohnmobilen, Vans, Bussen und Bootskabinen entwickelt und eignet sich ideal f\u00fcr den Umbau von Bussen zu Wohnmobilen. Die Verkleidung ist selbstklebend und verf\u00fcgt \u00fcber eine Klebeschicht unter der Schutzfolie. Die Verkleidung kann auf Metall-, Holz- und anderen Untergr\u00fcnden angebracht werden. Sie ist flexibel und passt sich hervorragend an Sicken, Radk\u00e4sten usw. an.<\/p>","protected":false},"featured_media":2224,"comment_status":"closed","ping_status":"closed","template":"","meta":{"_acf_changed":false,"_kad_blocks_custom_css":"","_kad_blocks_head_custom_js":"","_kad_blocks_body_custom_js":"","_kad_blocks_footer_custom_js":"","_kad_post_transparent":"","_kad_post_title":"","_kad_post_layout":"","_kad_post_sidebar_id":"","_kad_post_content_style":"","_kad_post_vertical_padding":"","_kad_post_feature":"","_kad_post_feature_position":"","_kad_post_header":false,"_kad_post_footer":false,"_kad_post_classname":""},"product_brand":[17],"product_cat":[52],"product_tag":[],"class_list":{"0":"post-1255","1":"product","2":"type-product","3":"status-publish","4":"has-post-thumbnail","6":"product_brand-modeco","7":"product_cat-avon-wykladzina-samoprzylepna","9":"first","10":"instock","11":"purchasable","12":"product-type-simple","13":"entry","14":"content-bg","15":"loop-entry"},"acf":[],"taxonomy_info":{"product_brand":[{"value":17,"label":"MODECO"}],"product_cat":[{"value":52,"label":"SAMOPRZYLEPNE WYK\u0141ADZINY SAMOCHODOWE"}]},"featured_image_src_large":["https:\/\/modeco-sklep.pl\/wp-content\/uploads\/2025\/06\/20250105_143041-1-1024x683.jpg",1024,683,true],"author_info":[],"comment_info":0,"_links":{"self":[{"href":"https:\/\/modeco-sklep.pl\/de\/wp-json\/wp\/v2\/product\/1255","targetHints":{"allow":["GET"]}}],"collection":[{"href":"https:\/\/modeco-sklep.pl\/de\/wp-json\/wp\/v2\/product"}],"about":[{"href":"https:\/\/modeco-sklep.pl\/de\/wp-json\/wp\/v2\/types\/product"}],"replies":[{"embeddable":true,"href":"https:\/\/modeco-sklep.pl\/de\/wp-json\/wp\/v2\/comments?post=1255"}],"wp:featuredmedia":[{"embeddable":true,"href":"https:\/\/modeco-sklep.pl\/de\/wp-json\/wp\/v2\/media\/2224"}],"wp:attachment":[{"href":"https:\/\/modeco-sklep.pl\/de\/wp-json\/wp\/v2\/media?parent=1255"}],"wp:term":[{"taxonomy":"product_brand","embeddable":true,"href":"https:\/\/modeco-sklep.pl\/de\/wp-json\/wp\/v2\/product_brand?post=1255"},{"taxonomy":"product_cat","embeddable":true,"href":"https:\/\/modeco-sklep.pl\/de\/wp-json\/wp\/v2\/product_cat?post=1255"},{"taxonomy":"product_tag","embeddable":true,"href":"https:\/\/modeco-sklep.pl\/de\/wp-json\/wp\/v2\/product_tag?post=1255"}],"curies":[{"name":"wp","href":"https:\/\/api.w.org\/{rel}","templated":true}]}}

<p>SELBSTKLEBENDE AUTOTEPPICHBESCHICHTUNG FÜR DECKE UND SEITEN</p>
<p>Der Bodenbelag SOFTEX AVON wurde für die Verkleidung des Innenraums von Wohnmobilen, Vans, Bussen und Bootskabinen entwickelt und eignet sich ideal für den Umbau von Bussen zu Wohnmobilen.</p>
<p>Die Beschichtung ist selbstklebend und verfügt über eine Klebeschicht unter der Schutzschicht. Die Beschichtung kann auf Metall-, Holz- und anderen Untergründen angebracht werden.</p>
<p>Es ist elastisch, lässt sich gut an Sicken und Radkästen formen und leicht dehnen.</p>
<p>Originalauskleidung, die von Herstellern von Wohnmobilen und Reisebussen verwendet wird, ideal für den Ausbau von Kleinbussen.</p>
<p>Der Bodenbelag ist zertifiziert und kann in öffentlichen Verkehrsmitteln verwendet werden.</p>
<p>&nbsp;</p>
<p>Produktdetails:</p>
<p>Breite des Bodenbelags: 200 cm<br />
Dicke der Auskleidung: 4,8 mm</p>
<p>Der Preis gilt für 1 Laufmeter Bodenbelag (100 cm x 200 cm).</p>

<p>SELBSTKLEBENDE AUTOFUTTERAUSKLEIDUNG FÜR DECKE UND SEITEN Die SOFTEX AVON-Futterauskleidung wurde für die Innenauskleidung von Wohnmobilen, Vans, Bussen und Bootskabinen entwickelt und eignet sich ideal für den Umbau von Bussen zu Wohnmobilen. Die Verkleidung ist selbstklebend und verfügt über eine Klebeschicht unter der Schutzfolie. Die Verkleidung kann auf Metall-, Holz- und anderen Untergründen angebracht werden. Sie ist flexibel und passt sich hervorragend an Sicken, Radkästen usw. an.</p>

SAMOPRZYLEPNE WYKŁADZINY SAMOCHODOWE
