{"id":1438,"date":"2025-06-12T18:08:29","date_gmt":"2025-06-12T18:08:29","guid":{"rendered":"https:\/\/modeco.mywebwork.net\/produkt\/podsufitka-k876-jasny-szary-audi-vw\/"},"modified":"2025-07-14T23:16:37","modified_gmt":"2025-07-14T21:16:37","slug":"rivestimento-interno-k876-grigio-chiaro-audi-vw","status":"publish","type":"product","link":"http:\/\/modeco-sklep.pl\/it\/podsufitka-k876-jasny-szary-audi-vw\/","title":{"rendered":"PODSUFITKA K876 GRIGIO CHIARO VOLKSWAGEN"},"content":{"rendered":"<p>TESSUTO PER AUTO PER IL RIVESTIMENTO DEL TETTO<\/p>\n<p>I nostri tessuti per headliner provengono dalle pi\u00f9 grandi fabbriche europee che producono tessuti per le aziende automobilistiche.<\/p>\n<p>I materiali sono di ottima qualit\u00e0 (OEM - prima scelta)<br \/>\nI materiali sono laminati su una speciale spugna dello spessore di circa 3-4 mm.<br \/>\nI materiali sono flessibili e facili da lavorare<br \/>\nLarghezza del tessuto: 150 cm<\/p>\n<p>Il prezzo si intende per 1 metro lineare (100 x 150 cm).<br \/>\nIn caso di acquisto di pi\u00f9 metri, cerchiamo di inviare il materiale in un unico pezzo.<\/p>\n<p>Adesivo speciale, resistente alle alte temperature, disponibile nel nostro negozio.<\/p>\n<p>Spedizione del materiale in un tubo di cartone sicuro<\/p>","protected":false},"excerpt":{"rendered":"<p>TKANINA SAMOCHODOWA NA PODSUFITK\u0118 Tkaniny na podsufitki samochodowe przez nas oferowane pochodz\u0105 z najwi\u0119kszych europejskich fabryk produkuj\u0105cych materia\u0142y dla koncern\u00f3w samochodowych Materia\u0142y charakteryzuj\u0105 si\u0119 bardzo dobr\u0105 jako\u015bci\u0105 (OEM \u2013 pierwszy gatunek) Materia\u0142y laminowane s\u0105 na specjalnej g\u0105bce o grubo\u015bci ok.3-4 mm Materia\u0142y s\u0105 elastyczne i \u0142atwe w obr\u00f3bce Szeroko\u015b\u0107 materia\u0142u: 150 cm Cena dotyczy 1 [&hellip;]<\/p>\n","protected":false},"featured_media":1028,"comment_status":"closed","ping_status":"closed","template":"","meta":{"_acf_changed":false},"product_brand":[17],"product_cat":[33],"product_tag":[],"class_list":["post-1438","product","type-product","status-publish","has-post-thumbnail","product_brand-modeco","product_cat-tkaniny-dedykowane-oem","first","instock","purchasable","product-type-simple"],"acf":[],"_links":{"self":[{"href":"http:\/\/modeco-sklep.pl\/it\/wp-json\/wp\/v2\/product\/1438","targetHints":{"allow":["GET"]}}],"collection":[{"href":"http:\/\/modeco-sklep.pl\/it\/wp-json\/wp\/v2\/product"}],"about":[{"href":"http:\/\/modeco-sklep.pl\/it\/wp-json\/wp\/v2\/types\/product"}],"replies":[{"embeddable":true,"href":"http:\/\/modeco-sklep.pl\/it\/wp-json\/wp\/v2\/comments?post=1438"}],"wp:featuredmedia":[{"embeddable":true,"href":"http:\/\/modeco-sklep.pl\/it\/wp-json\/wp\/v2\/media\/1028"}],"wp:attachment":[{"href":"http:\/\/modeco-sklep.pl\/it\/wp-json\/wp\/v2\/media?parent=1438"}],"wp:term":[{"taxonomy":"product_brand","embeddable":true,"href":"http:\/\/modeco-sklep.pl\/it\/wp-json\/wp\/v2\/product_brand?post=1438"},{"taxonomy":"product_cat","embeddable":true,"href":"http:\/\/modeco-sklep.pl\/it\/wp-json\/wp\/v2\/product_cat?post=1438"},{"taxonomy":"product_tag","embeddable":true,"href":"http:\/\/modeco-sklep.pl\/it\/wp-json\/wp\/v2\/product_tag?post=1438"}],"curies":[{"name":"wp","href":"https:\/\/api.w.org\/{rel}","templated":true}]}}

<p>TESSUTO PER AUTO PER IL RIVESTIMENTO DEL TETTO</p>
<p>I nostri tessuti per headliner provengono dalle più grandi fabbriche europee che producono tessuti per le aziende automobilistiche.</p>
<p>I materiali sono di ottima qualità (OEM - prima scelta)<br />
I materiali sono laminati su una speciale spugna dello spessore di circa 3-4 mm.<br />
I materiali sono flessibili e facili da lavorare<br />
Larghezza del tessuto: 150 cm</p>
<p>Il prezzo si intende per 1 metro lineare (100 x 150 cm).<br />
In caso di acquisto di più metri, cerchiamo di inviare il materiale in un unico pezzo.</p>
<p>Adesivo speciale, resistente alle alte temperature, disponibile nel nostro negozio.</p>
<p>Spedizione del materiale in un tubo di cartone sicuro</p>

<p>TKANINA SAMOCHODOWA NA PODSUFITKĘ Tkaniny na podsufitki samochodowe przez nas oferowane pochodzą z największych europejskich fabryk produkujących materiały dla koncernów samochodowych Materiały charakteryzują się bardzo dobrą jakością (OEM – pierwszy gatunek) Materiały laminowane są na specjalnej gąbce o grubości ok.3-4 mm Materiały są elastyczne i łatwe w obróbce Szerokość materiału: 150 cm Cena dotyczy 1 [&hellip;]</p>
