{"id":1438,"date":"2025-06-12T18:08:29","date_gmt":"2025-06-12T18:08:29","guid":{"rendered":"https:\/\/modeco.mywebwork.net\/produkt\/podsufitka-k876-jasny-szary-audi-vw\/"},"modified":"2025-07-14T23:16:37","modified_gmt":"2025-07-14T21:16:37","slug":"plafond-k876-gris-clair-audi-vw","status":"publish","type":"product","link":"http:\/\/modeco-sklep.pl\/fr\/podsufitka-k876-jasny-szary-audi-vw\/","title":{"rendered":"PLAFONNIER K876 GRIS CLAIR CENDR\u00c9 VOLKSWAGEN"},"content":{"rendered":"<p>TISSU AUTOMOBILE POUR LE PLAFOND<\/p>\n<p>Nos tissus pour garnitures de toit proviennent des plus grandes usines europ\u00e9ennes produisant des mat\u00e9riaux pour les constructeurs automobiles.<\/p>\n<p>Les mat\u00e9riaux sont de tr\u00e8s bonne qualit\u00e9 (OEM - premi\u00e8re qualit\u00e9).<br \/>\nLes mat\u00e9riaux sont lamin\u00e9s sur une mousse sp\u00e9ciale d'une \u00e9paisseur d'environ 3-4 mm.<br \/>\nLes mat\u00e9riaux sont flexibles et faciles \u00e0 travailler<br \/>\nLargeur du tissu : 150 cm<\/p>\n<p>Le prix est pour 1 m\u00e8tre courant ( 100 x 150cm)<br \/>\nLors de l'achat de plusieurs m\u00e8tres, nous essayons d'envoyer le mat\u00e9riel en un seul morceau.<\/p>\n<p>Adh\u00e9sif sp\u00e9cial, r\u00e9sistant aux temp\u00e9ratures \u00e9lev\u00e9es, disponible dans notre magasin<\/p>\n<p>Exp\u00e9dition du mat\u00e9riel dans un tube en carton s\u00e9curis\u00e9<\/p>","protected":false},"excerpt":{"rendered":"<p>TKANINA SAMOCHODOWA NA PODSUFITK\u0118 Tkaniny na podsufitki samochodowe przez nas oferowane pochodz\u0105 z najwi\u0119kszych europejskich fabryk produkuj\u0105cych materia\u0142y dla koncern\u00f3w samochodowych Materia\u0142y charakteryzuj\u0105 si\u0119 bardzo dobr\u0105 jako\u015bci\u0105 (OEM \u2013 pierwszy gatunek) Materia\u0142y laminowane s\u0105 na specjalnej g\u0105bce o grubo\u015bci ok.3-4 mm Materia\u0142y s\u0105 elastyczne i \u0142atwe w obr\u00f3bce Szeroko\u015b\u0107 materia\u0142u: 150 cm Cena dotyczy 1 [&hellip;]<\/p>\n","protected":false},"featured_media":1028,"comment_status":"closed","ping_status":"closed","template":"","meta":{"_acf_changed":false},"product_brand":[17],"product_cat":[33],"product_tag":[],"class_list":["post-1438","product","type-product","status-publish","has-post-thumbnail","product_brand-modeco","product_cat-tkaniny-dedykowane-oem","first","instock","purchasable","product-type-simple"],"acf":[],"_links":{"self":[{"href":"http:\/\/modeco-sklep.pl\/fr\/wp-json\/wp\/v2\/product\/1438","targetHints":{"allow":["GET"]}}],"collection":[{"href":"http:\/\/modeco-sklep.pl\/fr\/wp-json\/wp\/v2\/product"}],"about":[{"href":"http:\/\/modeco-sklep.pl\/fr\/wp-json\/wp\/v2\/types\/product"}],"replies":[{"embeddable":true,"href":"http:\/\/modeco-sklep.pl\/fr\/wp-json\/wp\/v2\/comments?post=1438"}],"wp:featuredmedia":[{"embeddable":true,"href":"http:\/\/modeco-sklep.pl\/fr\/wp-json\/wp\/v2\/media\/1028"}],"wp:attachment":[{"href":"http:\/\/modeco-sklep.pl\/fr\/wp-json\/wp\/v2\/media?parent=1438"}],"wp:term":[{"taxonomy":"product_brand","embeddable":true,"href":"http:\/\/modeco-sklep.pl\/fr\/wp-json\/wp\/v2\/product_brand?post=1438"},{"taxonomy":"product_cat","embeddable":true,"href":"http:\/\/modeco-sklep.pl\/fr\/wp-json\/wp\/v2\/product_cat?post=1438"},{"taxonomy":"product_tag","embeddable":true,"href":"http:\/\/modeco-sklep.pl\/fr\/wp-json\/wp\/v2\/product_tag?post=1438"}],"curies":[{"name":"wp","href":"https:\/\/api.w.org\/{rel}","templated":true}]}}

PLAFONNIER K876 GRIS CLAIR CENDRÉ VOLKSWAGEN

<p>TISSU AUTOMOBILE POUR LE PLAFOND</p>
<p>Nos tissus pour garnitures de toit proviennent des plus grandes usines européennes produisant des matériaux pour les constructeurs automobiles.</p>
<p>Les matériaux sont de très bonne qualité (OEM - première qualité).<br />
Les matériaux sont laminés sur une mousse spéciale d'une épaisseur d'environ 3-4 mm.<br />
Les matériaux sont flexibles et faciles à travailler<br />
Largeur du tissu : 150 cm</p>
<p>Le prix est pour 1 mètre courant ( 100 x 150cm)<br />
Lors de l'achat de plusieurs mètres, nous essayons d'envoyer le matériel en un seul morceau.</p>
<p>Adhésif spécial, résistant aux températures élevées, disponible dans notre magasin</p>
<p>Expédition du matériel dans un tube en carton sécurisé</p>

<p>TKANINA SAMOCHODOWA NA PODSUFITKĘ Tkaniny na podsufitki samochodowe przez nas oferowane pochodzą z największych europejskich fabryk produkujących materiały dla koncernów samochodowych Materiały charakteryzują się bardzo dobrą jakością (OEM – pierwszy gatunek) Materiały laminowane są na specjalnej gąbce o grubości ok.3-4 mm Materiały są elastyczne i łatwe w obróbce Szerokość materiału: 150 cm Cena dotyczy 1 [&hellip;]</p>
