{"id":1438,"date":"2025-06-12T18:08:29","date_gmt":"2025-06-12T18:08:29","guid":{"rendered":"https:\/\/modeco.mywebwork.net\/produkt\/podsufitka-k876-jasny-szary-audi-vw\/"},"modified":"2025-07-14T23:16:37","modified_gmt":"2025-07-14T21:16:37","slug":"headliner-k876-light-grey-audi-vw","status":"publish","type":"product","link":"http:\/\/modeco-sklep.pl\/en\/podsufitka-k876-jasny-szary-audi-vw\/","title":{"rendered":"HEADLINER K876 LIGHT GREY ASH VOLKSWAGEN"},"content":{"rendered":"<p>CAR HEADLINER FABRIC<\/p>\n<p>Our headliner fabrics are sourced from the largest European factories producing materials for automotive corporations.<\/p>\n<p>The materials are of very good quality (OEM - first grade)<br \/>\nThe materials are laminated on a special sponge with a thickness of approx. 3-4 mm.<br \/>\nMaterials are flexible and easy to work with<br \/>\nFabric width: 150 cm<\/p>\n<p>The price is for 1 running metre ( 100 x 150cm)<br \/>\nWhen purchasing several metres, we try to send the material in one piece.<\/p>\n<p>Special adhesive, resistant to high temperatures, available in our shop<\/p>\n<p>Shipping material on a secure cardboard tube<\/p>","protected":false},"excerpt":{"rendered":"<p>TKANINA SAMOCHODOWA NA PODSUFITK\u0118 Tkaniny na podsufitki samochodowe przez nas oferowane pochodz\u0105 z najwi\u0119kszych europejskich fabryk produkuj\u0105cych materia\u0142y dla koncern\u00f3w samochodowych Materia\u0142y charakteryzuj\u0105 si\u0119 bardzo dobr\u0105 jako\u015bci\u0105 (OEM \u2013 pierwszy gatunek) Materia\u0142y laminowane s\u0105 na specjalnej g\u0105bce o grubo\u015bci ok.3-4 mm Materia\u0142y s\u0105 elastyczne i \u0142atwe w obr\u00f3bce Szeroko\u015b\u0107 materia\u0142u: 150 cm Cena dotyczy 1 [&hellip;]<\/p>\n","protected":false},"featured_media":1028,"comment_status":"closed","ping_status":"closed","template":"","meta":{"_acf_changed":false},"product_brand":[17],"product_cat":[33],"product_tag":[],"class_list":["post-1438","product","type-product","status-publish","has-post-thumbnail","product_brand-modeco","product_cat-tkaniny-dedykowane-oem","first","instock","purchasable","product-type-simple"],"acf":[],"_links":{"self":[{"href":"http:\/\/modeco-sklep.pl\/en\/wp-json\/wp\/v2\/product\/1438","targetHints":{"allow":["GET"]}}],"collection":[{"href":"http:\/\/modeco-sklep.pl\/en\/wp-json\/wp\/v2\/product"}],"about":[{"href":"http:\/\/modeco-sklep.pl\/en\/wp-json\/wp\/v2\/types\/product"}],"replies":[{"embeddable":true,"href":"http:\/\/modeco-sklep.pl\/en\/wp-json\/wp\/v2\/comments?post=1438"}],"wp:featuredmedia":[{"embeddable":true,"href":"http:\/\/modeco-sklep.pl\/en\/wp-json\/wp\/v2\/media\/1028"}],"wp:attachment":[{"href":"http:\/\/modeco-sklep.pl\/en\/wp-json\/wp\/v2\/media?parent=1438"}],"wp:term":[{"taxonomy":"product_brand","embeddable":true,"href":"http:\/\/modeco-sklep.pl\/en\/wp-json\/wp\/v2\/product_brand?post=1438"},{"taxonomy":"product_cat","embeddable":true,"href":"http:\/\/modeco-sklep.pl\/en\/wp-json\/wp\/v2\/product_cat?post=1438"},{"taxonomy":"product_tag","embeddable":true,"href":"http:\/\/modeco-sklep.pl\/en\/wp-json\/wp\/v2\/product_tag?post=1438"}],"curies":[{"name":"wp","href":"https:\/\/api.w.org\/{rel}","templated":true}]}}

<p>TKANINA SAMOCHODOWA NA PODSUFITKĘ Tkaniny na podsufitki samochodowe przez nas oferowane pochodzą z największych europejskich fabryk produkujących materiały dla koncernów samochodowych Materiały charakteryzują się bardzo dobrą jakością (OEM – pierwszy gatunek) Materiały laminowane są na specjalnej gąbce o grubości ok.3-4 mm Materiały są elastyczne i łatwe w obróbce Szerokość materiału: 150 cm Cena dotyczy 1 [&hellip;]</p>
